Last updated on 2025-11-12 01:49:04 CET.
| Flavor | Version | Tinstall | Tcheck | Ttotal | Status | Flags |
|---|---|---|---|---|---|---|
| r-devel-linux-x86_64-debian-clang | 0.1.1 | 1.75 | 26.88 | 28.63 | OK | |
| r-devel-linux-x86_64-debian-gcc | 0.1.1 | 1.32 | 22.13 | 23.45 | OK | |
| r-devel-linux-x86_64-fedora-clang | 0.1.1 | 42.55 | OK | |||
| r-devel-linux-x86_64-fedora-gcc | 0.1.1 | 62.73 | OK | |||
| r-devel-windows-x86_64 | 0.1.1 | 5.00 | 44.00 | 49.00 | OK | |
| r-patched-linux-x86_64 | 0.1.1 | 1.71 | 24.66 | 26.37 | OK | |
| r-release-linux-x86_64 | 0.1.1 | 1.64 | 24.85 | 26.49 | OK | |
| r-release-macos-arm64 | 0.1.1 | 1.00 | 32.00 | 33.00 | OK | |
| r-release-macos-x86_64 | 0.1.1 | 2.00 | 62.00 | 64.00 | OK | |
| r-release-windows-x86_64 | 0.1.1 | 3.00 | 46.00 | 49.00 | OK | |
| r-oldrel-macos-arm64 | 0.1.1 | 1.00 | 27.00 | 28.00 | NOTE | |
| r-oldrel-macos-x86_64 | 0.1.1 | 2.00 | 59.00 | 61.00 | NOTE | |
| r-oldrel-windows-x86_64 | 0.1.1 | 5.00 | 53.00 | 58.00 | NOTE |
Version: 0.1.1
Check: LazyData
Result: NOTE
'LazyData' is specified without a 'data' directory
Flavors: r-oldrel-macos-arm64, r-oldrel-macos-x86_64, r-oldrel-windows-x86_64