Last updated on 2025-10-21 00:50:07 CEST.
Flavor | Version | Tinstall | Tcheck | Ttotal | Status | Flags |
---|---|---|---|---|---|---|
r-devel-linux-x86_64-debian-clang | 1.3-3 | 8.76 | 310.53 | 319.29 | OK | |
r-devel-linux-x86_64-debian-gcc | 1.3-3 | 6.17 | 215.96 | 222.13 | NOTE | |
r-devel-linux-x86_64-fedora-clang | 1.3-3 | 528.96 | OK | |||
r-devel-linux-x86_64-fedora-gcc | 1.3-3 | 546.65 | OK | |||
r-devel-windows-x86_64 | 1.3-3 | 15.00 | 420.00 | 435.00 | OK | |
r-patched-linux-x86_64 | 1.3-3 | 7.89 | 309.87 | 317.76 | OK | |
r-release-linux-x86_64 | 1.3-3 | 8.39 | 305.72 | 314.11 | OK | |
r-release-macos-arm64 | 1.3-3 | 168.00 | OK | |||
r-release-macos-x86_64 | 1.3-3 | 324.00 | OK | |||
r-release-windows-x86_64 | 1.3-3 | 15.00 | 515.00 | 530.00 | OK | |
r-oldrel-macos-arm64 | 1.3-3 | 163.00 | OK | |||
r-oldrel-macos-x86_64 | 1.3-3 | 408.00 | OK | |||
r-oldrel-windows-x86_64 | 1.3-3 | 18.00 | 524.00 | 542.00 | OK |
Version: 1.3-3
Check: top-level files
Result: NOTE
Found the following validation problem for the NEWS.Rd HTML conversion:
NEWS.html:60:1 (inst/NEWS.Rd:27): Warning: <h4> anchor "Bugfixes" already defined
NEWS.html:80:1 (inst/NEWS.Rd:38): Warning: <h4> anchor "Bugfixes" already defined
NEWS.html:96:1 (inst/NEWS.Rd:48): Warning: <h4> anchor "Features" already defined
NEWS.html:111:1 (inst/NEWS.Rd:55): Warning: <h4> anchor "Bugfixes" already defined
NEWS.html:132:1 (inst/NEWS.Rd:65): Warning: <h4> anchor "Features" already defined
NEWS.html:152:1 (inst/NEWS.Rd:73): Warning: <h4> anchor "Bugfixes" already defined
NEWS.html:175:1 (inst/NEWS.Rd:90): Warning: <h4> anchor "Bugfixes" already defined
NEWS.html:190:1 (inst/NEWS.Rd:98): Warning: <h4> anchor "Features" already defined
NEWS.html:202:1 (inst/NEWS.Rd:104): Warning: <h4> anchor "Bugfixes" already defined
NEWS.html:218:1 (inst/NEWS.Rd:113): Warning: <h4> anchor "Bugfixes" already defined
NEWS.html:244:1 (inst/NEWS.Rd:126): Warning: <h4> anchor "Bugfixes" already defined
NEWS.html:256:1 (inst/NEWS.Rd:132): Warning: <h4> anchor "Documentation" already defined
Flavor: r-devel-linux-x86_64-debian-gcc