CRAN Package Check Results for Package mvProbit

Last updated on 2025-11-12 01:49:04 CET.

Flavor Version Tinstall Tcheck Ttotal Status Flags
r-devel-linux-x86_64-debian-clang 0.1-10 3.58 171.38 174.96 NOTE
r-devel-linux-x86_64-debian-gcc 0.1-10 2.58 104.23 106.81 NOTE
r-devel-linux-x86_64-fedora-clang 0.1-10 14.00 277.45 291.45 OK
r-devel-linux-x86_64-fedora-gcc 0.1-10 14.00 290.09 304.09 OK
r-devel-windows-x86_64 0.1-10 5.00 179.00 184.00 OK
r-patched-linux-x86_64 0.1-10 4.00 166.26 170.26 OK
r-release-linux-x86_64 0.1-10 3.63 161.86 165.49 OK
r-release-macos-arm64 0.1-10 2.00 70.00 72.00 OK
r-release-macos-x86_64 0.1-10 4.00 154.00 158.00 OK
r-release-windows-x86_64 0.1-10 5.00 180.00 185.00 OK
r-oldrel-macos-arm64 0.1-10 2.00 67.00 69.00 OK
r-oldrel-macos-x86_64 0.1-10 3.00 115.00 118.00 OK
r-oldrel-windows-x86_64 0.1-10 6.00 232.00 238.00 OK

Check Details

Version: 0.1-10
Check: CRAN incoming feasibility
Result: NOTE Maintainer: ‘Arne Henningsen <arne.henningsen@gmail.com>’ No Authors@R field in DESCRIPTION. Please add one, modifying Authors@R: person(given = "Arne", family = "Henningsen", role = c("aut", "cre"), email = "arne.henningsen@gmail.com") as necessary. Flavors: r-devel-linux-x86_64-debian-clang, r-devel-linux-x86_64-debian-gcc