Last updated on 2025-11-12 01:49:04 CET.
| Flavor | Version | Tinstall | Tcheck | Ttotal | Status | Flags |
|---|---|---|---|---|---|---|
| r-devel-linux-x86_64-debian-clang | 2.3.1 | 6.83 | 92.64 | 99.47 | NOTE | |
| r-devel-linux-x86_64-debian-gcc | 2.3.1 | 5.45 | 66.42 | 71.87 | NOTE | |
| r-devel-linux-x86_64-fedora-clang | 2.3.1 | 17.00 | 139.32 | 156.32 | OK | |
| r-devel-linux-x86_64-fedora-gcc | 2.3.1 | 19.00 | 149.91 | 168.91 | OK | |
| r-devel-windows-x86_64 | 2.3.1 | 8.00 | 108.00 | 116.00 | OK | |
| r-patched-linux-x86_64 | 2.3.1 | 6.66 | 88.95 | 95.61 | OK | |
| r-release-linux-x86_64 | 2.3.1 | 5.81 | 88.60 | 94.41 | OK | |
| r-release-macos-arm64 | 2.3.1 | 3.00 | 46.00 | 49.00 | OK | |
| r-release-macos-x86_64 | 2.3.1 | 5.00 | 99.00 | 104.00 | OK | |
| r-release-windows-x86_64 | 2.3.1 | 9.00 | 108.00 | 117.00 | OK | |
| r-oldrel-macos-arm64 | 2.3.1 | 3.00 | 44.00 | 47.00 | OK | |
| r-oldrel-macos-x86_64 | 2.3.1 | 5.00 | 70.00 | 75.00 | OK | |
| r-oldrel-windows-x86_64 | 2.3.1 | 10.00 | 125.00 | 135.00 | OK |
Version: 2.3.1
Check: CRAN incoming feasibility
Result: NOTE
Maintainer: ‘Birgit Erni <birgit.erni@uct.ac.za>’
No Authors@R field in DESCRIPTION.
Please add one, modifying
Authors@R: c(person(given = c("Birgit", "Erni.", "Based", "on", "models", "developed", "by"),
family = "Underhill",
role = "aut",
email = "birgit.erni@uct.ac.za"),
person(family = "Zucchini.",
role = "aut",
comment = "1988, 1990"),
person(given = "Birgit",
family = "Erni",
role = "cre",
email = "birgit.erni@uct.ac.za"))
as necessary.
Package CITATION file contains call(s) to old-style personList() or
as.personList(). Please use c() on person objects instead.
Package CITATION file contains call(s) to old-style citEntry(). Please
use bibentry() instead.
Flavors: r-devel-linux-x86_64-debian-clang, r-devel-linux-x86_64-debian-gcc