Last updated on 2025-11-12 01:49:03 CET.
| Flavor | Version | Tinstall | Tcheck | Ttotal | Status | Flags |
|---|---|---|---|---|---|---|
| r-devel-linux-x86_64-debian-clang | 2.0.1 | 8.83 | 70.15 | 78.98 | OK | |
| r-devel-linux-x86_64-debian-gcc | 2.0.1 | 4.85 | 50.70 | 55.55 | OK | |
| r-devel-linux-x86_64-fedora-clang | 2.0.1 | 19.00 | 96.57 | 115.57 | NOTE | |
| r-devel-linux-x86_64-fedora-gcc | 2.0.1 | 16.00 | 95.43 | 111.43 | NOTE | |
| r-devel-windows-x86_64 | 2.0.1 | 9.00 | 81.00 | 90.00 | OK | |
| r-patched-linux-x86_64 | 2.0.1 | 8.17 | 65.50 | 73.67 | OK | |
| r-release-linux-x86_64 | 2.0.1 | 8.03 | 65.99 | 74.02 | OK | |
| r-release-macos-arm64 | 2.0.1 | 4.00 | 29.00 | 33.00 | OK | |
| r-release-macos-x86_64 | 2.0.1 | 11.00 | 76.00 | 87.00 | OK | |
| r-release-windows-x86_64 | 2.0.1 | 10.00 | 89.00 | 99.00 | OK | |
| r-oldrel-macos-arm64 | 2.0.1 | 4.00 | 30.00 | 34.00 | OK | |
| r-oldrel-macos-x86_64 | 2.0.1 | 5.00 | 39.00 | 44.00 | OK | |
| r-oldrel-windows-x86_64 | 2.0.1 | 15.00 | 108.00 | 123.00 | OK |
Version: 2.0.1
Check: dependencies in R code
Result: NOTE
Namespace in Imports field not imported from: ‘tibble’
All declared Imports should be used.
Flavors: r-devel-linux-x86_64-fedora-clang, r-devel-linux-x86_64-fedora-gcc