CRAN Package Check Results for Package mmcm

Last updated on 2025-11-12 01:49:03 CET.

Flavor Version Tinstall Tcheck Ttotal Status Flags
r-devel-linux-x86_64-debian-clang 1.2-8 3.00 24.42 27.42 NOTE
r-devel-linux-x86_64-debian-gcc 1.2-8 2.34 19.58 21.92 NOTE
r-devel-linux-x86_64-fedora-clang 1.2-8 39.28 OK
r-devel-linux-x86_64-fedora-gcc 1.2-8 37.18 OK
r-devel-windows-x86_64 1.2-8 8.00 48.00 56.00 OK
r-patched-linux-x86_64 1.2-8 3.04 22.49 25.53 OK
r-release-linux-x86_64 1.2-8 2.91 22.59 25.50 OK
r-release-macos-arm64 1.2-8 3.00 15.00 18.00 OK
r-release-macos-x86_64 1.2-8 4.00 25.00 29.00 OK
r-release-windows-x86_64 1.2-8 5.00 47.00 52.00 OK
r-oldrel-macos-arm64 1.2-8 2.00 15.00 17.00 OK
r-oldrel-macos-x86_64 1.2-8 3.00 22.00 25.00 OK
r-oldrel-windows-x86_64 1.2-8 7.00 52.00 59.00 OK

Check Details

Version: 1.2-8
Check: CRAN incoming feasibility
Result: NOTE Maintainer: ‘Kengo Nagashima <nshi1201@gmail.com>’ Package CITATION file contains call(s) to old-style personList() or as.personList(). Please use c() on person objects instead. Package CITATION file contains call(s) to old-style citEntry(). Please use bibentry() instead. Found the following URLs which should use \doi (with the DOI name only): File ‘mmcm-package.Rd’: http://dx.doi.org/10.2202/1544-6115.1560 File ‘mmcm.mvt.Rd’: http://dx.doi.org/10.2202/1544-6115.1560 File ‘mmcm.resamp.Rd’: http://dx.doi.org/10.2202/1544-6115.1560 Flavors: r-devel-linux-x86_64-debian-clang, r-devel-linux-x86_64-debian-gcc