Last updated on 2025-11-12 01:49:03 CET.
| Flavor | Version | Tinstall | Tcheck | Ttotal | Status | Flags |
|---|---|---|---|---|---|---|
| r-devel-linux-x86_64-debian-clang | 0.1.3 | 5.67 | 44.85 | 50.52 | NOTE | |
| r-devel-linux-x86_64-debian-gcc | 0.1.3 | 3.56 | 32.93 | 36.49 | NOTE | |
| r-devel-linux-x86_64-fedora-clang | 0.1.3 | 13.00 | 60.61 | 73.61 | NOTE | |
| r-devel-linux-x86_64-fedora-gcc | 0.1.3 | 11.00 | 56.89 | 67.89 | NOTE | |
| r-devel-windows-x86_64 | 0.1.3 | 8.00 | 59.00 | 67.00 | NOTE | |
| r-patched-linux-x86_64 | 0.1.3 | 5.14 | 40.29 | 45.43 | NOTE | |
| r-release-linux-x86_64 | 0.1.3 | 5.20 | 40.46 | 45.66 | NOTE | |
| r-release-macos-arm64 | 0.1.3 | 2.00 | 25.00 | 27.00 | NOTE | |
| r-release-macos-x86_64 | 0.1.3 | 6.00 | 37.00 | 43.00 | NOTE | |
| r-release-windows-x86_64 | 0.1.3 | 8.00 | 60.00 | 68.00 | NOTE | |
| r-oldrel-macos-arm64 | 0.1.3 | 3.00 | 25.00 | 28.00 | OK | |
| r-oldrel-macos-x86_64 | 0.1.3 | 7.00 | 49.00 | 56.00 | OK | |
| r-oldrel-windows-x86_64 | 0.1.3 | 9.00 | 71.00 | 80.00 | OK |
Version: 0.1.3
Check: DESCRIPTION meta-information
Result: NOTE
Missing dependency on R >= 4.2.0 because package code uses the pipe
placeholder syntax added in R 4.2.0.
File(s) using such syntax:
‘read_mgi_biotype_conflict_rpt.R’
Flavors: r-devel-linux-x86_64-debian-clang, r-devel-linux-x86_64-debian-gcc, r-devel-linux-x86_64-fedora-clang, r-devel-linux-x86_64-fedora-gcc, r-devel-windows-x86_64, r-patched-linux-x86_64, r-release-linux-x86_64, r-release-macos-arm64, r-release-macos-x86_64, r-release-windows-x86_64