Last updated on 2025-11-12 01:49:03 CET.
| Flavor | Version | Tinstall | Tcheck | Ttotal | Status | Flags |
|---|---|---|---|---|---|---|
| r-devel-linux-x86_64-debian-clang | 2.1.5 | 7.94 | 92.22 | 100.16 | NOTE | |
| r-devel-linux-x86_64-debian-gcc | 2.1.5 | 4.85 | 63.53 | 68.38 | NOTE | |
| r-devel-linux-x86_64-fedora-clang | 2.1.5 | 36.00 | 127.08 | 163.08 | OK | |
| r-devel-linux-x86_64-fedora-gcc | 2.1.5 | 16.00 | 128.67 | 144.67 | OK | |
| r-devel-windows-x86_64 | 2.1.5 | 9.00 | 95.00 | 104.00 | OK | |
| r-patched-linux-x86_64 | 2.1.5 | 7.51 | 89.98 | 97.49 | OK | |
| r-release-linux-x86_64 | 2.1.5 | 7.74 | 85.72 | 93.46 | OK | |
| r-release-macos-arm64 | 2.1.5 | 3.00 | 31.00 | 34.00 | OK | |
| r-release-macos-x86_64 | 2.1.5 | 8.00 | 73.00 | 81.00 | OK | |
| r-release-windows-x86_64 | 2.1.5 | 9.00 | 96.00 | 105.00 | OK | |
| r-oldrel-macos-arm64 | 2.1.5 | 3.00 | 28.00 | 31.00 | OK | |
| r-oldrel-macos-x86_64 | 2.1.5 | 7.00 | 62.00 | 69.00 | OK | |
| r-oldrel-windows-x86_64 | 2.1.5 | 12.00 | 121.00 | 133.00 | NOTE |
Version: 2.1.5
Check: CRAN incoming feasibility
Result: NOTE
Maintainer: ‘Min Lu <m.lu6@umiami.edu>’
No Authors@R field in DESCRIPTION.
Please add one, modifying
Authors@R: person(given = "Min",
family = "Lu",
role = c("aut", "cre"),
email = "m.lu6@umiami.edu")
as necessary.
The BugReports field in DESCRIPTION has
https://github.com/luminwin/metavcov/issues/new
which should likely be
https://github.com/luminwin/metavcov/issues/new/issues
instead.
Flavors: r-devel-linux-x86_64-debian-clang, r-devel-linux-x86_64-debian-gcc
Version: 2.1.5
Check: package dependencies
Result: NOTE
Package suggested but not available for checking: 'metaSEM'
Flavor: r-oldrel-windows-x86_64