Last updated on 2025-11-12 01:49:03 CET.
| Flavor | Version | Tinstall | Tcheck | Ttotal | Status | Flags |
|---|---|---|---|---|---|---|
| r-devel-linux-x86_64-debian-clang | 1.5.0 | 18.30 | 168.79 | 187.09 | OK | |
| r-devel-linux-x86_64-debian-gcc | 1.5.0 | 11.39 | 114.56 | 125.95 | OK | |
| r-devel-linux-x86_64-fedora-clang | 1.5.0 | 66.00 | 207.79 | 273.79 | OK | |
| r-devel-linux-x86_64-fedora-gcc | 1.5.0 | 38.00 | 230.73 | 268.73 | OK | |
| r-devel-windows-x86_64 | 1.5.0 | 19.00 | 170.00 | 189.00 | OK | |
| r-patched-linux-x86_64 | 1.5.0 | 19.14 | 151.64 | 170.78 | OK | |
| r-release-linux-x86_64 | 1.5.0 | 17.53 | 148.36 | 165.89 | OK | |
| r-release-macos-arm64 | 1.5.0 | 8.00 | 70.00 | 78.00 | OK | |
| r-release-macos-x86_64 | 1.5.0 | 16.00 | 129.00 | 145.00 | OK | |
| r-release-windows-x86_64 | 1.5.0 | 19.00 | 169.00 | 188.00 | OK | |
| r-oldrel-macos-arm64 | 1.5.0 | 8.00 | 64.00 | 72.00 | OK | |
| r-oldrel-macos-x86_64 | 1.5.0 | 23.00 | 118.00 | 141.00 | OK | |
| r-oldrel-windows-x86_64 | 1.5.0 | 1.00 | 9.00 | 10.00 | ERROR |
Version: 1.5.0
Check: package dependencies
Result: ERROR
Package required but not available: 'OpenMx'
Package suggested but not available for checking: 'semPlot'
See section 'The DESCRIPTION file' in the 'Writing R Extensions'
manual.
Flavor: r-oldrel-windows-x86_64