Last updated on 2025-11-12 01:49:03 CET.
| Flavor | Version | Tinstall | Tcheck | Ttotal | Status | Flags |
|---|---|---|---|---|---|---|
| r-devel-linux-x86_64-debian-clang | 0.6.9 | 811.78 | 276.25 | 1088.03 | OK | |
| r-devel-linux-x86_64-debian-gcc | 0.6.9 | 743.05 | 249.65 | 992.70 | OK | |
| r-devel-linux-x86_64-fedora-clang | 0.6.9 | 1560.00 | 145.18 | 1705.18 | OK | |
| r-devel-linux-x86_64-fedora-gcc | 0.6.9 | 2340.00 | -1.01 | 2338.99 | OK | |
| r-devel-windows-x86_64 | 0.6.9 | 936.00 | 329.00 | 1265.00 | OK | |
| r-patched-linux-x86_64 | 0.6.9 | 996.23 | 351.83 | 1348.06 | OK | |
| r-release-linux-x86_64 | 0.6.9 | 1005.83 | 350.03 | 1355.86 | OK | |
| r-release-macos-arm64 | 0.6.9 | 334.00 | 93.00 | 427.00 | OK | |
| r-release-macos-x86_64 | 0.6.9 | 495.00 | 193.00 | 688.00 | OK | |
| r-release-windows-x86_64 | 0.6.9 | 934.00 | 322.00 | 1256.00 | OK | |
| r-oldrel-macos-arm64 | 0.6.9 | 175.00 | 68.00 | 243.00 | NOTE | |
| r-oldrel-macos-x86_64 | 0.6.9 | 130.00 | 111.00 | 241.00 | NOTE | |
| r-oldrel-windows-x86_64 | 0.6.9 | 1062.00 | 423.00 | 1485.00 | NOTE |
Version: 0.6.9
Check: installed package size
Result: NOTE
installed size is 129.7Mb
sub-directories of 1Mb or more:
libs 129.0Mb
Flavors: r-oldrel-macos-arm64, r-oldrel-macos-x86_64, r-oldrel-windows-x86_64
Version: 0.6.9
Check: for GNU extensions in Makefiles
Result: NOTE
GNU make is a SystemRequirements.
Flavors: r-oldrel-macos-arm64, r-oldrel-macos-x86_64