CRAN Package Check Results for Package measures

Last updated on 2025-11-10 00:50:05 CET.

Flavor Version Tinstall Tcheck Ttotal Status Flags
r-devel-linux-x86_64-debian-clang 0.3 2.58 26.92 29.50 OK
r-devel-linux-x86_64-debian-gcc 0.3 1.75 21.42 23.17 OK
r-devel-linux-x86_64-fedora-clang 0.3 42.41 OK
r-devel-linux-x86_64-fedora-gcc 0.3 40.33 OK
r-devel-windows-x86_64 0.3 3.00 55.00 58.00 OK
r-patched-linux-x86_64 0.3 3.02 25.16 28.18 OK
r-release-linux-x86_64 0.3 2.25 25.02 27.27 OK
r-release-macos-arm64 0.3 2.00 32.00 34.00 OK
r-release-macos-x86_64 0.3 2.00 29.00 31.00 OK
r-release-windows-x86_64 0.3 3.00 53.00 56.00 OK
r-oldrel-macos-arm64 0.3 1.00 15.00 16.00 NOTE
r-oldrel-macos-x86_64 0.3 2.00 22.00 24.00 NOTE
r-oldrel-windows-x86_64 0.3 6.00 60.00 66.00 NOTE

Check Details

Version: 0.3
Check: LazyData
Result: NOTE 'LazyData' is specified without a 'data' directory Flavors: r-oldrel-macos-arm64, r-oldrel-macos-x86_64, r-oldrel-windows-x86_64