Last updated on 2025-11-12 01:49:03 CET.
| Flavor | Version | Tinstall | Tcheck | Ttotal | Status | Flags |
|---|---|---|---|---|---|---|
| r-devel-linux-x86_64-debian-clang | 0.6 | 10.45 | 93.32 | 103.77 | NOTE | |
| r-devel-linux-x86_64-debian-gcc | 0.6 | 8.28 | 68.16 | 76.44 | NOTE | |
| r-devel-linux-x86_64-fedora-clang | 0.6 | 28.00 | 134.50 | 162.50 | NOTE | |
| r-devel-linux-x86_64-fedora-gcc | 0.6 | 26.00 | 127.13 | 153.13 | NOTE | |
| r-devel-windows-x86_64 | 0.6 | 12.00 | 105.00 | 117.00 | NOTE | |
| r-patched-linux-x86_64 | 0.6 | 12.95 | 89.46 | 102.41 | OK | |
| r-release-linux-x86_64 | 0.6 | 12.79 | 89.48 | 102.27 | OK | |
| r-release-macos-arm64 | 0.6 | 5.00 | 42.00 | 47.00 | OK | |
| r-release-macos-x86_64 | 0.6 | 18.00 | 92.00 | 110.00 | OK | |
| r-release-windows-x86_64 | 0.6 | 13.00 | 113.00 | 126.00 | OK | |
| r-oldrel-macos-arm64 | 0.6 | 6.00 | 37.00 | 43.00 | OK | |
| r-oldrel-macos-x86_64 | 0.6 | 11.00 | 60.00 | 71.00 | OK | |
| r-oldrel-windows-x86_64 | 0.6 | 17.00 | 132.00 | 149.00 | OK |
Version: 0.6
Check: Rd files
Result: NOTE
checkRd: (-1) mc_chain_subset.Rd:30-42: Only 2 columns allowed in this table (row 1 has 1)
Flavors: r-devel-linux-x86_64-debian-clang, r-devel-linux-x86_64-debian-gcc, r-devel-linux-x86_64-fedora-clang, r-devel-linux-x86_64-fedora-gcc, r-devel-windows-x86_64