Last updated on 2025-11-12 01:49:03 CET.
| Flavor | Version | Tinstall | Tcheck | Ttotal | Status | Flags |
|---|---|---|---|---|---|---|
| r-devel-linux-x86_64-debian-clang | 1.1.0 | 37.13 | 310.81 | 347.94 | OK | |
| r-devel-linux-x86_64-debian-gcc | 1.1.0 | 23.50 | 201.08 | 224.58 | OK | |
| r-devel-linux-x86_64-fedora-clang | 1.1.0 | 142.00 | 420.56 | 562.56 | OK | |
| r-devel-linux-x86_64-fedora-gcc | 1.1.0 | 77.00 | 456.13 | 533.13 | OK | |
| r-devel-windows-x86_64 | 1.1.0 | 34.00 | 242.00 | 276.00 | OK | |
| r-patched-linux-x86_64 | 1.1.0 | 37.50 | 298.32 | 335.82 | OK | |
| r-release-linux-x86_64 | 1.1.0 | 34.93 | 295.50 | 330.43 | OK | |
| r-release-macos-arm64 | 1.1.0 | 14.00 | 85.00 | 99.00 | OK | |
| r-release-macos-x86_64 | 1.1.0 | 33.00 | 149.00 | 182.00 | OK | |
| r-release-windows-x86_64 | 1.1.0 | 32.00 | 243.00 | 275.00 | OK | |
| r-oldrel-macos-arm64 | 1.1.0 | 15.00 | 128.00 | 143.00 | NOTE | |
| r-oldrel-macos-x86_64 | 1.1.0 | 31.00 | 183.00 | 214.00 | NOTE | |
| r-oldrel-windows-x86_64 | 1.1.0 | 49.00 | 328.00 | 377.00 | OK |
Version: 1.1.0
Check: package dependencies
Result: NOTE
Package suggested but not available for checking: ‘INLA’
Flavors: r-oldrel-macos-arm64, r-oldrel-macos-x86_64
Version: 1.1.0
Check: Rd cross-references
Result: NOTE
Package unavailable to check Rd xrefs: ‘INLA’
Flavors: r-oldrel-macos-arm64, r-oldrel-macos-x86_64