Last updated on 2025-11-12 01:49:02 CET.
| Flavor | Version | Tinstall | Tcheck | Ttotal | Status | Flags |
|---|---|---|---|---|---|---|
| r-devel-linux-x86_64-debian-clang | 0.1 | 5.13 | 37.70 | 42.83 | OK | |
| r-devel-linux-x86_64-debian-gcc | 0.1 | 3.09 | 28.03 | 31.12 | OK | |
| r-devel-linux-x86_64-fedora-clang | 0.1 | 14.00 | 51.97 | 65.97 | OK | |
| r-devel-linux-x86_64-fedora-gcc | 0.1 | 10.00 | 49.75 | 59.75 | OK | |
| r-devel-windows-x86_64 | 0.1 | 7.00 | 52.00 | 59.00 | OK | |
| r-patched-linux-x86_64 | 0.1 | 4.85 | 35.27 | 40.12 | OK | |
| r-release-linux-x86_64 | 0.1 | 4.69 | 35.28 | 39.97 | OK | |
| r-release-macos-arm64 | 0.1 | 3.00 | 28.00 | 31.00 | OK | |
| r-release-macos-x86_64 | 0.1 | 4.00 | 36.00 | 40.00 | OK | |
| r-release-windows-x86_64 | 0.1 | 7.00 | 52.00 | 59.00 | OK | |
| r-oldrel-macos-arm64 | 0.1 | 2.00 | 23.00 | 25.00 | NOTE | |
| r-oldrel-macos-x86_64 | 0.1 | 4.00 | 34.00 | 38.00 | NOTE | |
| r-oldrel-windows-x86_64 | 0.1 | 9.00 | 61.00 | 70.00 | NOTE |
Version: 0.1
Check: LazyData
Result: NOTE
'LazyData' is specified without a 'data' directory
Flavors: r-oldrel-macos-arm64, r-oldrel-macos-x86_64, r-oldrel-windows-x86_64