Last updated on 2025-11-12 01:49:02 CET.
| Flavor | Version | Tinstall | Tcheck | Ttotal | Status | Flags |
|---|---|---|---|---|---|---|
| r-devel-linux-x86_64-debian-clang | 1.1.3 | 6.49 | 60.55 | 67.04 | NOTE | |
| r-devel-linux-x86_64-debian-gcc | 1.1.3 | 5.27 | 44.56 | 49.83 | NOTE | |
| r-devel-linux-x86_64-fedora-clang | 1.1.3 | 30.00 | 75.31 | 105.31 | OK | |
| r-devel-linux-x86_64-fedora-gcc | 1.1.3 | 13.00 | 83.67 | 96.67 | OK | |
| r-devel-windows-x86_64 | 1.1.3 | 7.00 | 69.00 | 76.00 | OK | |
| r-patched-linux-x86_64 | 1.1.3 | 6.47 | 57.52 | 63.99 | OK | |
| r-release-linux-x86_64 | 1.1.3 | 6.58 | 57.22 | 63.80 | OK | |
| r-release-macos-arm64 | 1.1.3 | 3.00 | 29.00 | 32.00 | OK | |
| r-release-macos-x86_64 | 1.1.3 | 6.00 | 52.00 | 58.00 | OK | |
| r-release-windows-x86_64 | 1.1.3 | 7.00 | 71.00 | 78.00 | OK | |
| r-oldrel-macos-arm64 | 1.1.3 | 3.00 | 28.00 | 31.00 | OK | |
| r-oldrel-macos-x86_64 | 1.1.3 | 5.00 | 41.00 | 46.00 | OK | |
| r-oldrel-windows-x86_64 | 1.1.3 | 9.00 | 84.00 | 93.00 | OK |
Version: 1.1.3
Check: CRAN incoming feasibility
Result: NOTE
Maintainer: ‘Yuan Tang <terrytangyuan@gmail.com>’
Package CITATION file contains call(s) to old-style citEntry(). Please
use bibentry() instead.
Flavors: r-devel-linux-x86_64-debian-clang, r-devel-linux-x86_64-debian-gcc