Last updated on 2025-11-12 01:49:02 CET.
| Flavor | Version | Tinstall | Tcheck | Ttotal | Status | Flags |
|---|---|---|---|---|---|---|
| r-devel-linux-x86_64-debian-clang | 0.1.35 | 200.53 | 37.96 | 238.49 | OK | |
| r-devel-linux-x86_64-debian-gcc | 0.1.35 | 153.23 | 30.67 | 183.90 | OK | |
| r-devel-linux-x86_64-fedora-clang | 0.1.35 | 900.00 | -409.83 | 490.17 | OK | |
| r-devel-linux-x86_64-fedora-gcc | 0.1.35 | 462.00 | -13.52 | 448.48 | OK | |
| r-devel-windows-x86_64 | 0.1.35 | 502.00 | 90.00 | 592.00 | OK | |
| r-patched-linux-x86_64 | 0.1.35 | 202.54 | 36.79 | 239.33 | OK | |
| r-release-linux-x86_64 | 0.1.35 | 200.58 | 37.02 | 237.60 | OK | |
| r-release-macos-arm64 | 0.1.35 | 95.00 | 29.00 | 124.00 | OK | |
| r-release-macos-x86_64 | 0.1.35 | 94.00 | 69.00 | 163.00 | OK | |
| r-release-windows-x86_64 | 0.1.35 | 464.00 | 93.00 | 557.00 | OK | |
| r-oldrel-macos-arm64 | 0.1.35 | 96.00 | 33.00 | 129.00 | NOTE | |
| r-oldrel-macos-x86_64 | 0.1.35 | 90.00 | 73.00 | 163.00 | NOTE | |
| r-oldrel-windows-x86_64 | 0.1.35 | 506.00 | 112.00 | 618.00 | NOTE |
Version: 0.1.35
Check: installed package size
Result: NOTE
installed size is 16.1Mb
sub-directories of 1Mb or more:
libs 15.7Mb
Flavors: r-oldrel-macos-arm64, r-oldrel-macos-x86_64, r-oldrel-windows-x86_64