Last updated on 2025-11-12 01:49:01 CET.
| Flavor | Version | Tinstall | Tcheck | Ttotal | Status | Flags |
|---|---|---|---|---|---|---|
| r-devel-linux-x86_64-debian-clang | 2.2.5 | 10.50 | 25.79 | 36.29 | OK | |
| r-devel-linux-x86_64-debian-gcc | 2.2.5 | 6.73 | 20.84 | 27.57 | OK | |
| r-devel-linux-x86_64-fedora-clang | 2.2.5 | 40.00 | 22.94 | 62.94 | OK | |
| r-devel-linux-x86_64-fedora-gcc | 2.2.5 | 21.00 | 31.16 | 52.16 | OK | |
| r-devel-windows-x86_64 | 2.2.5 | 15.00 | 57.00 | 72.00 | OK | |
| r-patched-linux-x86_64 | 2.2.5 | 10.09 | 23.95 | 34.04 | OK | |
| r-release-linux-x86_64 | 2.2.5 | 9.89 | 23.90 | 33.79 | OK | |
| r-release-macos-arm64 | 2.2.5 | 6.00 | 40.00 | 46.00 | OK | |
| r-release-macos-x86_64 | 2.2.5 | 12.00 | 49.00 | 61.00 | OK | |
| r-release-windows-x86_64 | 2.2.5 | 19.00 | 59.00 | 78.00 | OK | |
| r-oldrel-macos-arm64 | 2.2.5 | 6.00 | 36.00 | 42.00 | NOTE | |
| r-oldrel-macos-x86_64 | 2.2.5 | 11.00 | 46.00 | 57.00 | NOTE | |
| r-oldrel-windows-x86_64 | 2.2.5 | 21.00 | 77.00 | 98.00 | NOTE |
Version: 2.2.5
Check: for GNU extensions in Makefiles
Result: NOTE
GNU make is a SystemRequirements.
Flavors: r-oldrel-macos-arm64, r-oldrel-macos-x86_64, r-oldrel-windows-x86_64