Last updated on 2025-11-12 01:49:01 CET.
| Flavor | Version | Tinstall | Tcheck | Ttotal | Status | Flags |
|---|---|---|---|---|---|---|
| r-devel-linux-x86_64-debian-clang | 1.0.0 | 2.60 | 30.64 | 33.24 | OK | |
| r-devel-linux-x86_64-debian-gcc | 1.0.0 | 2.32 | 24.39 | 26.71 | OK | |
| r-devel-linux-x86_64-fedora-clang | 1.0.0 | 14.00 | 36.09 | 50.09 | OK | |
| r-devel-linux-x86_64-fedora-gcc | 1.0.0 | 44.89 | OK | |||
| r-devel-windows-x86_64 | 1.0.0 | 6.00 | 47.00 | 53.00 | OK | |
| r-patched-linux-x86_64 | 1.0.0 | 3.40 | 27.90 | 31.30 | OK | |
| r-release-linux-x86_64 | 1.0.0 | 3.18 | 27.88 | 31.06 | OK | |
| r-release-macos-arm64 | 1.0.0 | 2.00 | 23.00 | 25.00 | OK | |
| r-release-macos-x86_64 | 1.0.0 | 5.00 | 34.00 | 39.00 | OK | |
| r-release-windows-x86_64 | 1.0.0 | 5.00 | 52.00 | 57.00 | OK | |
| r-oldrel-macos-arm64 | 1.0.0 | 2.00 | 18.00 | 20.00 | NOTE | |
| r-oldrel-macos-x86_64 | 1.0.0 | 2.00 | 25.00 | 27.00 | NOTE | |
| r-oldrel-windows-x86_64 | 1.0.0 | 6.00 | 53.00 | 59.00 | NOTE |
Version: 1.0.0
Check: LazyData
Result: NOTE
'LazyData' is specified without a 'data' directory
Flavors: r-oldrel-macos-arm64, r-oldrel-macos-x86_64, r-oldrel-windows-x86_64