Last updated on 2025-10-21 00:50:04 CEST.
Flavor | Version | Tinstall | Tcheck | Ttotal | Status | Flags |
---|---|---|---|---|---|---|
r-devel-linux-x86_64-debian-clang | 1.3 | 2.82 | 29.46 | 32.28 | OK | |
r-devel-linux-x86_64-debian-gcc | 1.3 | 1.52 | 22.81 | 24.33 | NOTE | |
r-devel-linux-x86_64-fedora-clang | 1.3 | 52.74 | OK | |||
r-devel-linux-x86_64-fedora-gcc | 1.3 | 45.01 | OK | |||
r-devel-windows-x86_64 | 1.3 | 3.00 | 46.00 | 49.00 | OK | |
r-patched-linux-x86_64 | 1.3 | 2.74 | 28.31 | 31.05 | OK | |
r-release-linux-x86_64 | 1.3 | 2.80 | 28.34 | 31.14 | OK | |
r-release-macos-arm64 | 1.3 | 20.00 | OK | |||
r-release-macos-x86_64 | 1.3 | 31.00 | OK | |||
r-release-windows-x86_64 | 1.3 | 4.00 | 47.00 | 51.00 | OK | |
r-oldrel-macos-arm64 | 1.3 | 18.00 | NOTE | |||
r-oldrel-macos-x86_64 | 1.3 | 31.00 | NOTE | |||
r-oldrel-windows-x86_64 | 1.3 | 4.00 | 54.00 | 58.00 | NOTE |
Version: 1.3
Check: HTML version of manual
Result: NOTE
Found the following HTML validation problems:
plot.GAsearch.html:76:1 (plot.GAsearch.Rd:23): Warning: missing </ul> before </div>
print.GAsearch.html:51:1 (print.GAsearch.Rd:12): Warning: missing </ul> before </div>
print.summary.GAsearch.html:51:1 (print.summary.GAsearch.Rd:12): Warning: missing </ul> before </div>
summary.GAsearch.html:51:1 (summary.GAsearch.Rd:12): Warning: missing </ul> before </div>
Flavor: r-devel-linux-x86_64-debian-gcc
Version: 1.3
Check: LazyData
Result: NOTE
'LazyData' is specified without a 'data' directory
Flavors: r-oldrel-macos-arm64, r-oldrel-macos-x86_64, r-oldrel-windows-x86_64