Last updated on 2025-11-10 00:50:03 CET.
| Flavor | Version | Tinstall | Tcheck | Ttotal | Status | Flags |
|---|---|---|---|---|---|---|
| r-devel-linux-x86_64-debian-clang | 0.1.0 | 10.29 | 115.93 | 126.22 | OK | |
| r-devel-linux-x86_64-debian-gcc | 0.1.0 | 7.00 | 79.76 | 86.76 | OK | |
| r-devel-linux-x86_64-fedora-clang | 0.1.0 | 46.00 | 162.89 | 208.89 | OK | |
| r-devel-linux-x86_64-fedora-gcc | 0.1.0 | 21.00 | 169.57 | 190.57 | OK | |
| r-devel-windows-x86_64 | 0.1.0 | 12.00 | 121.00 | 133.00 | OK | |
| r-patched-linux-x86_64 | 0.1.0 | 9.98 | 108.37 | 118.35 | OK | |
| r-release-linux-x86_64 | 0.1.0 | 9.68 | 107.87 | 117.55 | OK | |
| r-release-macos-arm64 | 0.1.0 | 3.00 | 48.00 | 51.00 | OK | |
| r-release-macos-x86_64 | 0.1.0 | 11.00 | 116.00 | 127.00 | OK | |
| r-release-windows-x86_64 | 0.1.0 | 11.00 | 122.00 | 133.00 | OK | |
| r-oldrel-macos-arm64 | 0.1.0 | 4.00 | 48.00 | 52.00 | NOTE | |
| r-oldrel-macos-x86_64 | 0.1.0 | 6.00 | 71.00 | 77.00 | NOTE | |
| r-oldrel-windows-x86_64 | 0.1.0 | 15.00 | 154.00 | 169.00 | NOTE |
Version: 0.1.0
Check: package dependencies
Result: NOTE
Package suggested but not available for checking: ‘RGeostats’
Flavors: r-oldrel-macos-arm64, r-oldrel-macos-x86_64, r-oldrel-windows-x86_64