Last updated on 2025-11-13 01:50:24 CET.
| Flavor | Version | Tinstall | Tcheck | Ttotal | Status | Flags |
|---|---|---|---|---|---|---|
| r-devel-linux-x86_64-debian-clang | 1.0.0 | 7.51 | 225.97 | 233.48 | NOTE | |
| r-devel-linux-x86_64-debian-gcc | 1.0.0 | 5.45 | 149.24 | 154.69 | NOTE | |
| r-devel-linux-x86_64-fedora-clang | 1.0.0 | 38.00 | 341.53 | 379.53 | NOTE | |
| r-devel-linux-x86_64-fedora-gcc | 1.0.0 | 19.00 | 378.84 | 397.84 | NOTE | |
| r-devel-windows-x86_64 | 1.0.0 | 13.00 | 246.00 | 259.00 | NOTE | |
| r-patched-linux-x86_64 | 1.0.0 | 7.36 | 216.60 | 223.96 | NOTE | |
| r-release-linux-x86_64 | 1.0.0 | 7.23 | 218.15 | 225.38 | NOTE | |
| r-release-macos-arm64 | 1.0.0 | 4.00 | 110.00 | 114.00 | NOTE | |
| r-release-macos-x86_64 | 1.0.0 | 5.00 | 156.00 | 161.00 | NOTE | |
| r-release-windows-x86_64 | 1.0.0 | 11.00 | 245.00 | 256.00 | NOTE | |
| r-oldrel-macos-arm64 | 1.0.0 | 3.00 | 74.00 | 77.00 | NOTE | |
| r-oldrel-macos-x86_64 | 1.0.0 | 5.00 | 114.00 | 119.00 | NOTE | |
| r-oldrel-windows-x86_64 | 1.0.0 | 14.00 | 322.00 | 336.00 | NOTE |
Version: 1.0.0
Check: CRAN incoming feasibility
Result: NOTE
Maintainer: ‘Isabelle Sanchez <isabelle.sanchez@inrae.fr>’
The Description field contains
e-Print: <arXiv:2208.00961>.
Please refer to arXiv e-prints via their arXiv DOI <doi:10.48550/arXiv.YYMM.NNNNN>.
Flavors: r-devel-linux-x86_64-debian-clang, r-devel-linux-x86_64-debian-gcc
Version: 1.0.0
Check: Rd files
Result: NOTE
checkRd: (-1) kfino_plot.Rd:52: Lost braces; missing escapes or markup?
52 | plus the OK values. Prediction corresponds to E[X_{t} | Y_{1...t}]
| ^
checkRd: (-1) kfino_plot.Rd:52: Lost braces; missing escapes or markup?
52 | plus the OK values. Prediction corresponds to E[X_{t} | Y_{1...t}]
| ^
Flavors: r-devel-linux-x86_64-debian-clang, r-devel-linux-x86_64-debian-gcc, r-devel-linux-x86_64-fedora-clang, r-devel-linux-x86_64-fedora-gcc, r-devel-windows-x86_64, r-patched-linux-x86_64, r-release-linux-x86_64, r-release-macos-arm64, r-release-macos-x86_64, r-release-windows-x86_64, r-oldrel-macos-arm64, r-oldrel-macos-x86_64, r-oldrel-windows-x86_64