CRAN Package Check Results for Package keyplayer

Last updated on 2025-11-12 01:49:01 CET.

Flavor Version Tinstall Tcheck Ttotal Status Flags
r-devel-linux-x86_64-debian-clang 1.0.4 2.48 27.92 30.40 NOTE
r-devel-linux-x86_64-debian-gcc 1.0.4 1.78 21.48 23.26 NOTE
r-devel-linux-x86_64-fedora-clang 1.0.4 16.00 31.60 47.60 OK
r-devel-linux-x86_64-fedora-gcc 1.0.4 40.60 OK
r-devel-windows-x86_64 1.0.4 5.00 48.00 53.00 OK
r-patched-linux-x86_64 1.0.4 2.45 26.07 28.52 OK
r-release-linux-x86_64 1.0.4 2.99 26.07 29.06 OK
r-release-macos-arm64 1.0.4 2.00 21.00 23.00 OK
r-release-macos-x86_64 1.0.4 2.00 28.00 30.00 OK
r-release-windows-x86_64 1.0.4 5.00 46.00 51.00 OK
r-oldrel-macos-arm64 1.0.4 1.00 16.00 17.00 OK
r-oldrel-macos-x86_64 1.0.4 2.00 23.00 25.00 OK
r-oldrel-windows-x86_64 1.0.4 6.00 54.00 60.00 OK

Check Details

Version: 1.0.4
Check: CRAN incoming feasibility
Result: NOTE Maintainer: ‘Weihua An <weihua.an@emory.edu>’ No Authors@R field in DESCRIPTION. Please add one, modifying Authors@R: c(person(given = c("Weihua", "An;", "Yu-Hsin"), family = "Liu", role = "aut"), person(given = "Weihua", family = "An", role = "cre", email = "weihua.an@emory.edu")) as necessary. Flavors: r-devel-linux-x86_64-debian-clang, r-devel-linux-x86_64-debian-gcc