Last updated on 2025-11-12 01:49:01 CET.
| Flavor | Version | Tinstall | Tcheck | Ttotal | Status | Flags |
|---|---|---|---|---|---|---|
| r-devel-linux-x86_64-debian-clang | 2.7.7 | 86.46 | 159.93 | 246.39 | OK | |
| r-devel-linux-x86_64-debian-gcc | 2.7.7 | 52.60 | 112.06 | 164.66 | OK | |
| r-devel-linux-x86_64-fedora-clang | 2.7.7 | 484.00 | -41.15 | 442.85 | NOTE | |
| r-devel-linux-x86_64-fedora-gcc | 2.7.7 | 202.00 | 177.73 | 379.73 | NOTE | |
| r-devel-windows-x86_64 | 2.7.7 | 85.00 | 159.00 | 244.00 | OK | |
| r-patched-linux-x86_64 | 2.7.7 | 88.42 | 149.38 | 237.80 | OK | |
| r-release-linux-x86_64 | 2.7.7 | 89.44 | 163.43 | 252.87 | OK | |
| r-release-macos-arm64 | 2.7.7 | 34.00 | 55.00 | 89.00 | OK | |
| r-release-macos-x86_64 | 2.7.7 | 79.00 | 92.00 | 171.00 | OK | |
| r-release-windows-x86_64 | 2.7.7 | 82.00 | 155.00 | 237.00 | OK | |
| r-oldrel-macos-arm64 | 2.7.7 | 36.00 | 60.00 | 96.00 | NOTE | |
| r-oldrel-macos-x86_64 | 2.7.7 | 84.00 | 125.00 | 209.00 | NOTE | |
| r-oldrel-windows-x86_64 | 2.7.7 | 123.00 | 203.00 | 326.00 | NOTE |
Version: 2.7.7
Check: dependencies in R code
Result: NOTE
Namespaces in Imports field not imported from:
‘BayesFactor’ ‘GGally’ ‘GPArotation’ ‘MASS’ ‘PMCMR’ ‘R6’ ‘ROCR’
‘afex’ ‘car’ ‘dplyr’ ‘emmeans’ ‘ggrepel’ ‘ggridges’ ‘lavaan’
‘matrixStats’ ‘multcomp’ ‘mvnormtest’ ‘nnet’ ‘psych’ ‘vcd’ ‘vcdExtra’
All declared Imports should be used.
Flavors: r-devel-linux-x86_64-fedora-clang, r-devel-linux-x86_64-fedora-gcc
Version: 2.7.7
Check: installed package size
Result: NOTE
installed size is 8.4Mb
sub-directories of 1Mb or more:
R 4.1Mb
i18n 4.1Mb
Flavors: r-oldrel-macos-arm64, r-oldrel-macos-x86_64, r-oldrel-windows-x86_64
Version: 2.7.7
Check: package dependencies
Result: NOTE
Package suggested but not available for checking: 'semPlot'
Flavor: r-oldrel-windows-x86_64