CRAN Package Check Results for Package isa2

Last updated on 2025-11-12 01:49:01 CET.

Flavor Version Tinstall Tcheck Ttotal Status Flags
r-devel-linux-x86_64-debian-clang 0.3.6 4.88 35.44 40.32 NOTE
r-devel-linux-x86_64-debian-gcc 0.3.6 3.23 26.97 30.20 NOTE
r-devel-linux-x86_64-fedora-clang 0.3.6 21.00 42.36 63.36 OK
r-devel-linux-x86_64-fedora-gcc 0.3.6 11.00 44.90 55.90 OK
r-devel-windows-x86_64 0.3.6 7.00 57.00 64.00 OK
r-patched-linux-x86_64 0.3.6 5.14 34.37 39.51 OK
r-release-linux-x86_64 0.3.6 3.82 33.94 37.76 OK
r-release-macos-arm64 0.3.6 3.00 23.00 26.00 OK
r-release-macos-x86_64 0.3.6 5.00 32.00 37.00 OK
r-release-windows-x86_64 0.3.6 6.00 63.00 69.00 OK
r-oldrel-macos-arm64 0.3.6 3.00 19.00 22.00 OK
r-oldrel-macos-x86_64 0.3.6 6.00 28.00 34.00 OK
r-oldrel-windows-x86_64 0.3.6 10.00 66.00 76.00 OK

Check Details

Version: 0.3.6
Check: CRAN incoming feasibility
Result: NOTE Maintainer: ‘Gabor Csardi <csardi.gabor@gmail.com>’ No Authors@R field in DESCRIPTION. Please add one, modifying Authors@R: person(given = "Gabor", family = "Csardi", role = c("aut", "cre"), email = "csardi.gabor@gmail.com") as necessary. Flavors: r-devel-linux-x86_64-debian-clang, r-devel-linux-x86_64-debian-gcc