CRAN Package Check Results for Package ips

Last updated on 2025-11-12 01:49:01 CET.

Flavor Version Tinstall Tcheck Ttotal Status Flags
r-devel-linux-x86_64-debian-clang 0.0.12 14.45 105.04 119.49 NOTE
r-devel-linux-x86_64-debian-gcc 0.0.12 9.10 71.82 80.92 NOTE
r-devel-linux-x86_64-fedora-clang 0.0.12 72.00 117.47 189.47 OK
r-devel-linux-x86_64-fedora-gcc 0.0.12 28.00 132.56 160.56 OK
r-devel-windows-x86_64 0.0.12 15.00 110.00 125.00 NOTE
r-patched-linux-x86_64 0.0.12 14.34 97.61 111.95 NOTE
r-release-linux-x86_64 0.0.12 13.60 97.46 111.06 NOTE
r-release-macos-arm64 0.0.12 6.00 43.00 49.00 OK
r-release-macos-x86_64 0.0.12 11.00 78.00 89.00 OK
r-release-windows-x86_64 0.0.12 15.00 108.00 123.00 NOTE
r-oldrel-macos-arm64 0.0.12 6.00 46.00 52.00 OK
r-oldrel-macos-x86_64 0.0.12 10.00 61.00 71.00 OK
r-oldrel-windows-x86_64 0.0.12 19.00 140.00 159.00 OK

Check Details

Version: 0.0.12
Check: Rd cross-references
Result: NOTE Found the following Rd file(s) with Rd \link{} targets missing package anchors: DNAbin2index.Rd: DNAbin EmptyCells.Rd: DNAbin code.simple.gaps.Rd: DNAbin collapseUnsupportedEdges.Rd: phylo combMyTree.Rd: phylo del.miss.Rd: DNAbin deleteGaps.Rd: DNAbin fixNodes.Rd: phylo, read.nexus forceEqualTipHeights.Rd: is.ultrametric, chronos index2DNAbin.Rd: DNAbin ips-package.Rd: ladderize, rotate ips.16S.Rd: DNAbin ips.28S.Rd: DNAbin ips.cox1.Rd: DNAbin mafft.Rd: phylo mafft.merge.Rd: DNAbin, AAbin, phylo mrbayes.Rd: DNAbin multistate.Rd: ace neighboringPairs.Rd: mst ntip.Rd: phylo pathd8.Rd: phylo phylo2mafft.Rd: phylo phylo2mst.Rd: phylo pis.Rd: DNAbin raxml.Rd: DNAbin, phylo raxml.partitions.Rd: DNAbin, cbind.DNAbin rbeauti.Rd: DNAbin read.Rd: cbind.DNAbin sister.Rd: phylo splitIntoClades.Rd: phylo terminalSisters.Rd: phylo tipHeights.Rd: phylo, branching.times traitRate.Rd: phylo, DNAbin, read.tree write.fas.Rd: DNAbin Please provide package anchors for all Rd \link{} targets not in the package itself and the base packages. Flavors: r-devel-linux-x86_64-debian-clang, r-devel-linux-x86_64-debian-gcc, r-devel-windows-x86_64, r-patched-linux-x86_64, r-release-linux-x86_64, r-release-windows-x86_64