Last updated on 2025-11-12 01:49:01 CET.
| Flavor | Version | Tinstall | Tcheck | Ttotal | Status | Flags |
|---|---|---|---|---|---|---|
| r-devel-linux-x86_64-debian-clang | 1.1.3 | 8.77 | 104.91 | 113.68 | NOTE | |
| r-devel-linux-x86_64-debian-gcc | 1.1.3 | 7.71 | 72.63 | 80.34 | NOTE | |
| r-devel-linux-x86_64-fedora-clang | 1.1.3 | 51.00 | 138.77 | 189.77 | OK | |
| r-devel-linux-x86_64-fedora-gcc | 1.1.3 | 21.00 | 144.31 | 165.31 | OK | |
| r-devel-windows-x86_64 | 1.1.3 | 12.00 | 103.00 | 115.00 | OK | |
| r-patched-linux-x86_64 | 1.1.3 | 9.41 | 97.60 | 107.01 | OK | |
| r-release-linux-x86_64 | 1.1.3 | 8.56 | 98.43 | 106.99 | OK | |
| r-release-macos-arm64 | 1.1.3 | 4.00 | 41.00 | 45.00 | OK | |
| r-release-macos-x86_64 | 1.1.3 | 8.00 | 73.00 | 81.00 | OK | |
| r-release-windows-x86_64 | 1.1.3 | 12.00 | 102.00 | 114.00 | OK | |
| r-oldrel-macos-arm64 | 1.1.3 | 4.00 | 36.00 | 40.00 | OK | |
| r-oldrel-macos-x86_64 | 1.1.3 | 6.00 | 62.00 | 68.00 | OK | |
| r-oldrel-windows-x86_64 | 1.1.3 | 14.00 | 138.00 | 152.00 | OK |
Version: 1.1.3
Check: CRAN incoming feasibility
Result: NOTE
Maintainer: ‘Ajit Johnson Nirmal <ajitjohnson.n@gmail.com>’
No Authors@R field in DESCRIPTION.
Please add one, modifying
Authors@R: person(given = c("Ajit", "Johnson"),
family = "Nirmal",
role = c("aut", "cre"),
email = "ajitjohnson.n@gmail.com")
as necessary.
Flavors: r-devel-linux-x86_64-debian-clang, r-devel-linux-x86_64-debian-gcc