Last updated on 2025-11-12 01:49:01 CET.
| Flavor | Version | Tinstall | Tcheck | Ttotal | Status | Flags |
|---|---|---|---|---|---|---|
| r-devel-linux-x86_64-debian-clang | 1.2.1 | 7.08 | 64.12 | 71.20 | NOTE | |
| r-devel-linux-x86_64-debian-gcc | 1.2.1 | 5.15 | 48.44 | 53.59 | NOTE | |
| r-devel-linux-x86_64-fedora-clang | 1.2.1 | 36.00 | 78.79 | 114.79 | OK | |
| r-devel-linux-x86_64-fedora-gcc | 1.2.1 | 15.00 | 80.36 | 95.36 | OK | |
| r-devel-windows-x86_64 | 1.2.1 | 8.00 | 84.00 | 92.00 | OK | |
| r-patched-linux-x86_64 | 1.2.1 | 8.09 | 61.50 | 69.59 | OK | |
| r-release-linux-x86_64 | 1.2.1 | 7.06 | 61.47 | 68.53 | OK | |
| r-release-macos-arm64 | 1.2.1 | 3.00 | 33.00 | 36.00 | OK | |
| r-release-macos-x86_64 | 1.2.1 | 6.00 | 53.00 | 59.00 | OK | |
| r-release-windows-x86_64 | 1.2.1 | 7.00 | 80.00 | 87.00 | OK | |
| r-oldrel-macos-arm64 | 1.2.1 | 3.00 | 29.00 | 32.00 | OK | |
| r-oldrel-macos-x86_64 | 1.2.1 | 5.00 | 47.00 | 52.00 | OK | |
| r-oldrel-windows-x86_64 | 1.2.1 | 11.00 | 99.00 | 110.00 | OK |
Version: 1.2.1
Check: CRAN incoming feasibility
Result: NOTE
Maintainer: ‘Eufrasio de A. Lima Neto <eufrasio@de.ufpb.br>’
No Authors@R field in DESCRIPTION.
Please add one, modifying
Authors@R: c(person(given = c("Eufrasio", "de", "A.", "Lima", "Neto", "/", "Claudio", "A.", "V.", "de", "Souza", "Filho", "/", "Pedro", "R.", "D."),
family = "Marinho",
role = "aut"),
person(given = c("Eufrasio", "de", "A.", "Lima"),
family = "Neto",
role = "cre",
email = "eufrasio@de.ufpb.br"))
as necessary.
Flavors: r-devel-linux-x86_64-debian-clang, r-devel-linux-x86_64-debian-gcc