CRAN Package Check Results for Package iGasso

Last updated on 2025-11-12 01:49:00 CET.

Flavor Version Tinstall Tcheck Ttotal Status Flags
r-devel-linux-x86_64-debian-clang 1.6.1 2.92 27.78 30.70 NOTE
r-devel-linux-x86_64-debian-gcc 1.6.1 2.07 21.81 23.88 NOTE
r-devel-linux-x86_64-fedora-clang 1.6.1 47.79 OK
r-devel-linux-x86_64-fedora-gcc 1.6.1 39.02 OK
r-devel-windows-x86_64 1.6.1 4.00 45.00 49.00 OK
r-patched-linux-x86_64 1.6.1 3.12 26.06 29.18 OK
r-release-linux-x86_64 1.6.1 2.73 26.17 28.90 OK
r-release-macos-arm64 1.6.1 1.00 16.00 17.00 OK
r-release-macos-x86_64 1.6.1 2.00 26.00 28.00 OK
r-release-windows-x86_64 1.6.1 5.00 46.00 51.00 OK
r-oldrel-macos-arm64 1.6.1 2.00 16.00 18.00 OK
r-oldrel-macos-x86_64 1.6.1 2.00 22.00 24.00 OK
r-oldrel-windows-x86_64 1.6.1 1.00 9.00 10.00 ERROR

Check Details

Version: 1.6.1
Check: CRAN incoming feasibility
Result: NOTE Maintainer: ‘Kai Wang <kai-wang@uiowa.edu>’ No Authors@R field in DESCRIPTION. Please add one, modifying Authors@R: c(person(given = c("Dr.", "Kai"), family = "Wang", role = "aut"), person(given = "Kai", family = "Wang", role = "cre", email = "kai-wang@uiowa.edu")) as necessary. Flavors: r-devel-linux-x86_64-debian-clang, r-devel-linux-x86_64-debian-gcc

Version: 1.6.1
Check: package dependencies
Result: ERROR Package required but not available: 'MBESS' See section 'The DESCRIPTION file' in the 'Writing R Extensions' manual. Flavor: r-oldrel-windows-x86_64