CRAN Package Check Results for Package hybridogram

Last updated on 2025-11-11 00:50:09 CET.

Flavor Version Tinstall Tcheck Ttotal Status Flags
r-devel-linux-x86_64-debian-clang 0.3.2 1.57 22.64 24.21 NOTE
r-devel-linux-x86_64-debian-gcc 0.3.2 1.32 18.42 19.74 NOTE
r-devel-linux-x86_64-fedora-clang 0.3.2 36.56 OK
r-devel-linux-x86_64-fedora-gcc 0.3.2 48.63 OK
r-devel-windows-x86_64 0.3.2 3.00 43.00 46.00 OK
r-patched-linux-x86_64 0.3.2 1.63 21.53 23.16 OK
r-release-linux-x86_64 0.3.2 1.50 22.25 23.75 OK
r-release-macos-arm64 0.3.2 1.00 30.00 31.00 OK
r-release-macos-x86_64 0.3.2 1.00 34.00 35.00 OK
r-release-windows-x86_64 0.3.2 3.00 41.00 44.00 OK
r-oldrel-macos-arm64 0.3.2 1.00 22.00 23.00 OK
r-oldrel-macos-x86_64 0.3.2 2.00 30.00 32.00 OK
r-oldrel-windows-x86_64 0.3.2 3.00 46.00 49.00 OK

Check Details

Version: 0.3.2
Check: CRAN incoming feasibility
Result: NOTE Maintainer: ‘Matthew Cserhati <csmatyi@protonmail.com>’ No Authors@R field in DESCRIPTION. Please add one, modifying Authors@R: person(given = "Matthew", family = "Cserhati", role = c("aut", "cre"), email = "csmatyi@protonmail.com") as necessary. Flavors: r-devel-linux-x86_64-debian-clang, r-devel-linux-x86_64-debian-gcc