Last updated on 2025-11-12 01:49:00 CET.
| Flavor | Version | Tinstall | Tcheck | Ttotal | Status | Flags |
|---|---|---|---|---|---|---|
| r-devel-linux-x86_64-debian-clang | 1.1 | 1.72 | 28.32 | 30.04 | NOTE | |
| r-devel-linux-x86_64-debian-gcc | 1.1 | 1.49 | 23.42 | 24.91 | NOTE | |
| r-devel-linux-x86_64-fedora-clang | 1.1 | 57.92 | OK | |||
| r-devel-linux-x86_64-fedora-gcc | 1.1 | 58.96 | OK | |||
| r-devel-windows-x86_64 | 1.1 | 3.00 | 48.00 | 51.00 | OK | |
| r-patched-linux-x86_64 | 1.1 | 1.83 | 27.41 | 29.24 | OK | |
| r-release-linux-x86_64 | 1.1 | 1.70 | 27.80 | 29.50 | OK | |
| r-release-macos-arm64 | 1.1 | 1.00 | 22.00 | 23.00 | OK | |
| r-release-macos-x86_64 | 1.1 | 2.00 | 38.00 | 40.00 | OK | |
| r-release-windows-x86_64 | 1.1 | 4.00 | 46.00 | 50.00 | OK | |
| r-oldrel-macos-arm64 | 1.1 | 1.00 | 22.00 | 23.00 | OK | |
| r-oldrel-macos-x86_64 | 1.1 | 1.00 | 33.00 | 34.00 | OK | |
| r-oldrel-windows-x86_64 | 1.1 | 3.00 | 53.00 | 56.00 | OK |
Version: 1.1
Check: CRAN incoming feasibility
Result: NOTE
Maintainer: ‘Kevin Wright <kw.stat@gmail.com>’
The BugReports field in DESCRIPTION has
https://github.com/kwstat/hopkins/
which should likely be
https://github.com/kwstat/hopkins/issues
instead.
Flavors: r-devel-linux-x86_64-debian-clang, r-devel-linux-x86_64-debian-gcc