Last updated on 2025-11-02 01:48:37 CET.
| Flavor | Version | Tinstall | Tcheck | Ttotal | Status | Flags |
|---|---|---|---|---|---|---|
| r-devel-linux-x86_64-debian-clang | 0.7.1 | 5.51 | 60.43 | 65.94 | NOTE | |
| r-devel-linux-x86_64-debian-gcc | 0.7.1 | 4.02 | 44.44 | 48.46 | NOTE | |
| r-devel-linux-x86_64-fedora-clang | 0.7.1 | 14.00 | 88.95 | 102.95 | OK | |
| r-devel-linux-x86_64-fedora-gcc | 0.7.1 | 12.00 | 80.69 | 92.69 | OK | |
| r-devel-windows-x86_64 | 0.7.1 | 10.00 | 70.00 | 80.00 | OK | |
| r-patched-linux-x86_64 | 0.7.1 | 6.36 | 56.59 | 62.95 | OK | |
| r-release-linux-x86_64 | 0.7.1 | 6.01 | 56.52 | 62.53 | OK | |
| r-release-macos-arm64 | 0.7.1 | 3.00 | 24.00 | 27.00 | OK | |
| r-release-macos-x86_64 | 0.7.1 | 5.00 | 43.00 | 48.00 | OK | |
| r-release-windows-x86_64 | 0.7.1 | 8.00 | 70.00 | 78.00 | OK | |
| r-oldrel-macos-arm64 | 0.7.1 | 3.00 | 22.00 | 25.00 | OK | |
| r-oldrel-macos-x86_64 | 0.7.1 | 6.00 | 48.00 | 54.00 | OK | |
| r-oldrel-windows-x86_64 | 0.7.1 | 10.00 | 89.00 | 99.00 | OK |
Version: 0.7.1
Check: CRAN incoming feasibility
Result: NOTE
Maintainer: ‘Johann Pfitzinger <johann.pfitzinger@gmail.com>’
No Authors@R field in DESCRIPTION.
Please add one, modifying
Authors@R: person(given = "Johann",
family = "Pfitzinger",
role = c("aut", "cre"),
email = "johann.pfitzinger@gmail.com")
as necessary.
Flavors: r-devel-linux-x86_64-debian-clang, r-devel-linux-x86_64-debian-gcc