Last updated on 2025-11-11 00:50:08 CET.
| Flavor | Version | Tinstall | Tcheck | Ttotal | Status | Flags |
|---|---|---|---|---|---|---|
| r-devel-linux-x86_64-debian-clang | 0.8.1 | 6.40 | 56.48 | 62.88 | NOTE | |
| r-devel-linux-x86_64-debian-gcc | 0.8.1 | 4.39 | 41.89 | 46.28 | NOTE | |
| r-devel-linux-x86_64-fedora-clang | 0.8.1 | 25.00 | 72.40 | 97.40 | OK | |
| r-devel-linux-x86_64-fedora-gcc | 0.8.1 | 14.00 | 72.04 | 86.04 | OK | |
| r-devel-windows-x86_64 | 0.8.1 | 8.00 | 62.00 | 70.00 | OK | |
| r-patched-linux-x86_64 | 0.8.1 | 6.68 | 52.50 | 59.18 | OK | |
| r-release-linux-x86_64 | 0.8.1 | 6.10 | 53.29 | 59.39 | OK | |
| r-release-macos-arm64 | 0.8.1 | 4.00 | 33.00 | 37.00 | OK | |
| r-release-macos-x86_64 | 0.8.1 | 5.00 | 47.00 | 52.00 | OK | |
| r-release-windows-x86_64 | 0.8.1 | 7.00 | 63.00 | 70.00 | OK | |
| r-oldrel-macos-arm64 | 0.8.1 | 3.00 | 26.00 | 29.00 | OK | |
| r-oldrel-macos-x86_64 | 0.8.1 | 5.00 | 38.00 | 43.00 | OK | |
| r-oldrel-windows-x86_64 | 0.8.1 | 10.00 | 74.00 | 84.00 | OK |
Version: 0.8.1
Check: CRAN incoming feasibility
Result: NOTE
Maintainer: ‘C. Jason Liang <liangcj@gmail.com>’
Found the following URLs which should use \doi (with the DOI name only):
File ‘finda.Rd’:
https://doi.org/10.1111/1467-9469.00320
https://doi.org/10.1198/016214504000000845
File ‘hds.Rd’:
https://doi.org/10.1111/biom.12628
File ‘hdslc.Rd’:
https://doi.org/10.1111/biom.12628
https://doi.org/10.1111/1467-9469.00320
https://doi.org/10.1198/016214504000000845
Flavors: r-devel-linux-x86_64-debian-clang, r-devel-linux-x86_64-debian-gcc