Last updated on 2025-11-12 01:49:00 CET.
| Flavor | Version | Tinstall | Tcheck | Ttotal | Status | Flags |
|---|---|---|---|---|---|---|
| r-devel-linux-x86_64-debian-clang | 3.4 | 6.05 | 44.96 | 51.01 | OK | |
| r-devel-linux-x86_64-debian-gcc | 3.4 | 3.50 | 32.98 | 36.48 | OK | |
| r-devel-linux-x86_64-fedora-clang | 3.4 | 24.00 | 56.07 | 80.07 | OK | |
| r-devel-linux-x86_64-fedora-gcc | 3.4 | 11.00 | 57.10 | 68.10 | OK | |
| r-devel-windows-x86_64 | 3.4 | 9.00 | 67.00 | 76.00 | NOTE | |
| r-patched-linux-x86_64 | 3.4 | 5.95 | 41.99 | 47.94 | OK | |
| r-release-linux-x86_64 | 3.4 | 5.78 | 42.56 | 48.34 | OK | |
| r-release-macos-arm64 | 3.4 | 4.00 | 22.00 | 26.00 | OK | |
| r-release-macos-x86_64 | 3.4 | 6.00 | 39.00 | 45.00 | OK | |
| r-release-windows-x86_64 | 3.4 | 9.00 | 65.00 | 74.00 | NOTE | |
| r-oldrel-macos-arm64 | 3.4 | 4.00 | 22.00 | 26.00 | OK | |
| r-oldrel-macos-x86_64 | 3.4 | 5.00 | 32.00 | 37.00 | OK | |
| r-oldrel-windows-x86_64 | 3.4 | 12.00 | 77.00 | 89.00 | NOTE |
Version: 3.4
Check: C++ specification
Result: NOTE
Specified C++11: please drop specification unless essential
Flavors: r-devel-windows-x86_64, r-release-windows-x86_64, r-oldrel-windows-x86_64