Last updated on 2025-11-11 00:50:08 CET.
| Flavor | Version | Tinstall | Tcheck | Ttotal | Status | Flags |
|---|---|---|---|---|---|---|
| r-devel-linux-x86_64-debian-clang | 1.0.5 | 112.65 | 204.56 | 317.21 | OK | |
| r-devel-linux-x86_64-debian-gcc | 1.0.5 | 74.74 | 216.47 | 291.21 | OK | |
| r-devel-linux-x86_64-fedora-clang | 1.0.5 | 301.00 | 263.17 | 564.17 | OK | |
| r-devel-linux-x86_64-fedora-gcc | 1.0.5 | 148.00 | 386.78 | 534.78 | OK | |
| r-devel-windows-x86_64 | 1.0.5 | 120.00 | 208.00 | 328.00 | OK | |
| r-patched-linux-x86_64 | 1.0.5 | 101.73 | 221.70 | 323.43 | OK | |
| r-release-linux-x86_64 | 1.0.5 | 107.78 | 228.28 | 336.06 | OK | |
| r-release-macos-arm64 | 1.0.5 | 36.00 | 53.00 | 89.00 | OK | |
| r-release-macos-x86_64 | 1.0.5 | 43.00 | 130.00 | 173.00 | OK | |
| r-release-windows-x86_64 | 1.0.5 | 127.00 | 204.00 | 331.00 | OK | |
| r-oldrel-macos-arm64 | 1.0.5 | 30.00 | 57.00 | 87.00 | NOTE | |
| r-oldrel-macos-x86_64 | 1.0.5 | 40.00 | 163.00 | 203.00 | NOTE | |
| r-oldrel-windows-x86_64 | 1.0.5 | 145.00 | 265.00 | 410.00 | OK |
Version: 1.0.5
Check: installed package size
Result: NOTE
installed size is 7.8Mb
sub-directories of 1Mb or more:
libs 7.0Mb
Flavors: r-oldrel-macos-arm64, r-oldrel-macos-x86_64