Last updated on 2025-11-11 00:50:08 CET.
| Flavor | Version | Tinstall | Tcheck | Ttotal | Status | Flags |
|---|---|---|---|---|---|---|
| r-devel-linux-x86_64-debian-clang | 0.0.1 | 9.56 | 26.42 | 35.98 | OK | |
| r-devel-linux-x86_64-debian-gcc | 0.0.1 | 6.23 | 21.92 | 28.15 | OK | |
| r-devel-linux-x86_64-fedora-clang | 0.0.1 | 57.00 | 4.71 | 61.71 | OK | |
| r-devel-linux-x86_64-fedora-gcc | 0.0.1 | 16.00 | 36.39 | 52.39 | OK | |
| r-devel-windows-x86_64 | 0.0.1 | 13.00 | 55.00 | 68.00 | OK | |
| r-patched-linux-x86_64 | 0.0.1 | 9.15 | 24.77 | 33.92 | OK | |
| r-release-linux-x86_64 | 0.0.1 | 8.66 | 24.58 | 33.24 | OK | |
| r-release-macos-arm64 | 0.0.1 | 5.00 | 18.00 | 23.00 | OK | |
| r-release-macos-x86_64 | 0.0.1 | 8.00 | 24.00 | 32.00 | OK | |
| r-release-windows-x86_64 | 0.0.1 | 13.00 | 54.00 | 67.00 | OK | |
| r-oldrel-macos-arm64 | 0.0.1 | 5.00 | 16.00 | 21.00 | NOTE | |
| r-oldrel-macos-x86_64 | 0.0.1 | 7.00 | 21.00 | 28.00 | NOTE | |
| r-oldrel-windows-x86_64 | 0.0.1 | 12.00 | 70.00 | 82.00 | NOTE |
Version: 0.0.1
Check: LazyData
Result: NOTE
'LazyData' is specified without a 'data' directory
Flavors: r-oldrel-macos-arm64, r-oldrel-macos-x86_64, r-oldrel-windows-x86_64