Last updated on 2025-11-02 01:48:36 CET.
| Flavor | Version | Tinstall | Tcheck | Ttotal | Status | Flags |
|---|---|---|---|---|---|---|
| r-devel-linux-x86_64-debian-clang | 1.0.1 | 2.22 | 42.02 | 44.24 | NOTE | |
| r-devel-linux-x86_64-debian-gcc | 1.0.1 | 1.56 | 29.40 | 30.96 | NOTE | |
| r-devel-linux-x86_64-fedora-clang | 1.0.1 | 70.07 | OK | |||
| r-devel-linux-x86_64-fedora-gcc | 1.0.1 | 83.68 | OK | |||
| r-devel-windows-x86_64 | 1.0.1 | 3.00 | 64.00 | 67.00 | OK | |
| r-patched-linux-x86_64 | 1.0.1 | 2.27 | 39.87 | 42.14 | OK | |
| r-release-linux-x86_64 | 1.0.1 | 2.07 | 41.30 | 43.37 | OK | |
| r-release-macos-arm64 | 1.0.1 | 1.00 | 28.00 | 29.00 | OK | |
| r-release-macos-x86_64 | 1.0.1 | 2.00 | 51.00 | 53.00 | OK | |
| r-release-windows-x86_64 | 1.0.1 | 4.00 | 62.00 | 66.00 | OK | |
| r-oldrel-macos-arm64 | 1.0.1 | 1.00 | 27.00 | 28.00 | NOTE | |
| r-oldrel-macos-x86_64 | 1.0.1 | 2.00 | 52.00 | 54.00 | NOTE | |
| r-oldrel-windows-x86_64 | 1.0.1 | 4.00 | 81.00 | 85.00 | NOTE |
Version: 1.0.1
Check: CRAN incoming feasibility
Result: NOTE
Maintainer: ‘Andrea Martino <andrea.martino@polimi.it>’
The Description field contains
Ieva, F. and Paganoni A. M. (2017) <arXiv:1708.00386>.
Please refer to arXiv e-prints via their arXiv DOI <doi:10.48550/arXiv.YYMM.NNNNN>.
Flavors: r-devel-linux-x86_64-debian-clang, r-devel-linux-x86_64-debian-gcc
Version: 1.0.1
Check: LazyData
Result: NOTE
'LazyData' is specified without a 'data' directory
Flavors: r-oldrel-macos-arm64, r-oldrel-macos-x86_64, r-oldrel-windows-x86_64