Last updated on 2025-11-12 01:48:59 CET.
| Flavor | Version | Tinstall | Tcheck | Ttotal | Status | Flags |
|---|---|---|---|---|---|---|
| r-devel-linux-x86_64-debian-clang | 1.0.2 | 1.68 | 22.23 | 23.91 | NOTE | |
| r-devel-linux-x86_64-debian-gcc | 1.0.2 | 1.41 | 18.61 | 20.02 | NOTE | |
| r-devel-linux-x86_64-fedora-clang | 1.0.2 | 36.52 | NOTE | |||
| r-devel-linux-x86_64-fedora-gcc | 1.0.2 | 47.92 | NOTE | |||
| r-devel-windows-x86_64 | 1.0.2 | 4.00 | 41.00 | 45.00 | NOTE | |
| r-patched-linux-x86_64 | 1.0.2 | 1.64 | 21.10 | 22.74 | NOTE | |
| r-release-linux-x86_64 | 1.0.2 | 1.63 | 20.95 | 22.58 | NOTE | |
| r-release-macos-arm64 | 1.0.2 | 1.00 | 26.00 | 27.00 | NOTE | |
| r-release-macos-x86_64 | 1.0.2 | 2.00 | 46.00 | 48.00 | NOTE | |
| r-release-windows-x86_64 | 1.0.2 | 3.00 | 39.00 | 42.00 | NOTE | |
| r-oldrel-macos-arm64 | 1.0.2 | 1.00 | 20.00 | 21.00 | NOTE | |
| r-oldrel-macos-x86_64 | 1.0.2 | 1.00 | 34.00 | 35.00 | NOTE | |
| r-oldrel-windows-x86_64 | 1.0.2 | 4.00 | 47.00 | 51.00 | NOTE |
Version: 1.0.2
Check: package subdirectories
Result: NOTE
Problems with news in ‘NEWS.md’:
No news entries found.
Flavors: r-devel-linux-x86_64-debian-clang, r-devel-linux-x86_64-debian-gcc, r-devel-linux-x86_64-fedora-clang, r-devel-linux-x86_64-fedora-gcc, r-devel-windows-x86_64, r-patched-linux-x86_64, r-release-linux-x86_64, r-release-macos-arm64, r-release-macos-x86_64, r-release-windows-x86_64, r-oldrel-macos-arm64, r-oldrel-macos-x86_64, r-oldrel-windows-x86_64