CRAN Package Check Results for Package ggx

Last updated on 2025-11-12 01:48:59 CET.

Flavor Version Tinstall Tcheck Ttotal Status Flags
r-devel-linux-x86_64-debian-clang 0.1.1 1.74 32.99 34.73 OK
r-devel-linux-x86_64-debian-gcc 0.1.1 1.30 27.03 28.33 OK
r-devel-linux-x86_64-fedora-clang 0.1.1 51.49 NOTE
r-devel-linux-x86_64-fedora-gcc 0.1.1 64.48 NOTE
r-devel-windows-x86_64 0.1.1 5.00 54.00 59.00 OK
r-patched-linux-x86_64 0.1.1 1.60 31.50 33.10 OK
r-release-linux-x86_64 0.1.1 1.67 31.58 33.25 OK
r-release-macos-arm64 0.1.1 2.00 49.00 51.00 OK
r-release-macos-x86_64 0.1.1 2.00 43.00 45.00 OK
r-release-windows-x86_64 0.1.1 4.00 47.00 51.00 OK
r-oldrel-macos-arm64 0.1.1 1.00 23.00 24.00 NOTE
r-oldrel-macos-x86_64 0.1.1 2.00 35.00 37.00 NOTE
r-oldrel-windows-x86_64 0.1.1 4.00 57.00 61.00 NOTE

Check Details

Version: 0.1.1
Check: dependencies in R code
Result: NOTE Namespace in Imports field not imported from: ‘ggplot2’ All declared Imports should be used. Flavors: r-devel-linux-x86_64-fedora-clang, r-devel-linux-x86_64-fedora-gcc

Version: 0.1.1
Check: LazyData
Result: NOTE 'LazyData' is specified without a 'data' directory Flavors: r-oldrel-macos-arm64, r-oldrel-macos-x86_64, r-oldrel-windows-x86_64