Last updated on 2025-11-11 00:50:07 CET.
| Flavor | Version | Tinstall | Tcheck | Ttotal | Status | Flags |
|---|---|---|---|---|---|---|
| r-devel-linux-x86_64-debian-clang | 0.4.9 | 10.30 | 94.92 | 105.22 | NOTE | |
| r-devel-linux-x86_64-debian-gcc | 0.4.9 | 6.72 | 63.58 | 70.30 | NOTE | |
| r-devel-linux-x86_64-fedora-clang | 0.4.9 | 30.00 | 123.13 | 153.13 | OK | |
| r-devel-linux-x86_64-fedora-gcc | 0.4.9 | 25.00 | 114.31 | 139.31 | OK | |
| r-devel-windows-x86_64 | 0.4.9 | 13.00 | 116.00 | 129.00 | OK | |
| r-patched-linux-x86_64 | 0.4.9 | 11.59 | 87.13 | 98.72 | NOTE | |
| r-release-linux-x86_64 | 0.4.9 | 9.23 | 86.95 | 96.18 | NOTE | |
| r-release-macos-arm64 | 0.4.9 | 5.00 | 43.00 | 48.00 | OK | |
| r-release-macos-x86_64 | 0.4.9 | 8.00 | 72.00 | 80.00 | OK | |
| r-release-windows-x86_64 | 0.4.9 | 15.00 | 111.00 | 126.00 | OK | |
| r-oldrel-macos-arm64 | 0.4.9 | 5.00 | 37.00 | 42.00 | OK | |
| r-oldrel-macos-x86_64 | 0.4.9 | 7.00 | 61.00 | 68.00 | OK | |
| r-oldrel-windows-x86_64 | 0.4.9 | 16.00 | 139.00 | 155.00 | OK |
Version: 0.4.9
Check: for unstated dependencies in ‘demo’
Result: NOTE
'library' or 'require' calls not declared from:
‘nasaweather’ ‘tourr’
'data(package=)' call not declared from: ‘ggplot2’
Flavors: r-devel-linux-x86_64-debian-clang, r-devel-linux-x86_64-debian-gcc, r-patched-linux-x86_64, r-release-linux-x86_64