Last updated on 2025-11-20 00:49:42 CET.
| Flavor | Version | Tinstall | Tcheck | Ttotal | Status | Flags |
|---|---|---|---|---|---|---|
| r-devel-linux-x86_64-debian-clang | 0.6.4 | 4.54 | 54.99 | 59.53 | NOTE | |
| r-devel-linux-x86_64-debian-gcc | 0.6.4 | 3.59 | 40.99 | 44.58 | NOTE | |
| r-devel-linux-x86_64-fedora-clang | 0.6.4 | 12.00 | 77.32 | 89.32 | OK | |
| r-devel-linux-x86_64-fedora-gcc | 0.6.4 | 11.00 | 86.12 | 97.12 | OK | |
| r-devel-windows-x86_64 | 0.6.4 | 10.00 | 61.00 | 71.00 | OK | |
| r-patched-linux-x86_64 | 0.6.4 | 4.03 | 52.06 | 56.09 | OK | |
| r-release-linux-x86_64 | 0.6.4 | 4.47 | 52.53 | 57.00 | OK | |
| r-release-macos-arm64 | 0.6.4 | OK | ||||
| r-release-macos-x86_64 | 0.6.4 | 4.00 | 51.00 | 55.00 | OK | |
| r-release-windows-x86_64 | 0.6.4 | 7.00 | 61.00 | 68.00 | OK | |
| r-oldrel-macos-arm64 | 0.6.4 | OK | ||||
| r-oldrel-macos-x86_64 | 0.6.4 | 3.00 | 52.00 | 55.00 | OK | |
| r-oldrel-windows-x86_64 | 0.6.4 | 8.00 | 73.00 | 81.00 | OK |
Version: 0.6.4
Check: CRAN incoming feasibility
Result: NOTE
Maintainer: ‘Constantin Ahlmann-Eltze <artjom31415@googlemail.com>’
Package CITATION file contains call(s) to old-style citEntry(). Please
use bibentry() instead.
Flavors: r-devel-linux-x86_64-debian-clang, r-devel-linux-x86_64-debian-gcc
Version: 0.6.4
Check: DESCRIPTION meta-information
Result: NOTE
Author field differs from that derived from Authors@R
Author: ‘Constantin Ahlmann-Eltze [aut, cre, ctb] (<https://orcid.org/0000-0002-3762-068X>, @const_ae), Indrajeet Patil [aut, ctb] (<https://orcid.org/0000-0003-1995-6531>, @patilindrajeets)’
Authors@R: ‘Constantin Ahlmann-Eltze [aut, cre, ctb] (ORCID: <https://orcid.org/0000-0002-3762-068X>, Twitter: @const_ae), Indrajeet Patil [aut, ctb] (ORCID: <https://orcid.org/0000-0003-1995-6531>, Twitter: @patilindrajeets)’
Flavors: r-devel-linux-x86_64-debian-clang, r-devel-linux-x86_64-debian-gcc