Last updated on 2025-11-12 01:48:59 CET.
| Flavor | Version | Tinstall | Tcheck | Ttotal | Status | Flags |
|---|---|---|---|---|---|---|
| r-devel-linux-x86_64-debian-clang | 0.1.1 | 3.10 | 159.79 | 162.89 | OK | |
| r-devel-linux-x86_64-debian-gcc | 0.1.1 | 2.55 | 111.51 | 114.06 | OK | |
| r-devel-linux-x86_64-fedora-clang | 0.1.1 | 17.00 | 234.04 | 251.04 | OK | |
| r-devel-linux-x86_64-fedora-gcc | 0.1.1 | 242.43 | OK | |||
| r-devel-windows-x86_64 | 0.1.1 | 6.00 | 152.00 | 158.00 | OK | |
| r-patched-linux-x86_64 | 0.1.1 | 3.25 | 152.00 | 155.25 | OK | |
| r-release-linux-x86_64 | 0.1.1 | 3.06 | 151.93 | 154.99 | OK | |
| r-release-macos-arm64 | 0.1.1 | 2.00 | 53.00 | 55.00 | OK | |
| r-release-macos-x86_64 | 0.1.1 | 3.00 | 115.00 | 118.00 | OK | |
| r-release-windows-x86_64 | 0.1.1 | 6.00 | 143.00 | 149.00 | OK | |
| r-oldrel-macos-arm64 | 0.1.1 | 1.00 | 55.00 | 56.00 | NOTE | |
| r-oldrel-macos-x86_64 | 0.1.1 | 3.00 | 90.00 | 93.00 | NOTE | |
| r-oldrel-windows-x86_64 | 0.1.1 | 7.00 | 189.00 | 196.00 | NOTE |
Version: 0.1.1
Check: installed package size
Result: NOTE
installed size is 7.4Mb
sub-directories of 1Mb or more:
doc 7.0Mb
Flavors: r-oldrel-macos-arm64, r-oldrel-macos-x86_64, r-oldrel-windows-x86_64