Last updated on 2025-11-12 01:48:59 CET.
| Flavor | Version | Tinstall | Tcheck | Ttotal | Status | Flags |
|---|---|---|---|---|---|---|
| r-devel-linux-x86_64-debian-clang | 0.5.0 | 43.50 | 167.73 | 211.23 | OK | |
| r-devel-linux-x86_64-debian-gcc | 0.5.0 | 39.99 | 111.11 | 151.10 | OK | |
| r-devel-linux-x86_64-fedora-clang | 0.5.0 | 237.00 | 115.92 | 352.92 | OK | |
| r-devel-linux-x86_64-fedora-gcc | 0.5.0 | 134.00 | 202.91 | 336.91 | OK | |
| r-devel-windows-x86_64 | 0.5.0 | 64.00 | 178.00 | 242.00 | OK | |
| r-patched-linux-x86_64 | 0.5.0 | 58.23 | 159.63 | 217.86 | OK | |
| r-release-linux-x86_64 | 0.5.0 | 54.84 | 159.85 | 214.69 | OK | |
| r-release-macos-arm64 | 0.5.0 | 20.00 | 59.00 | 79.00 | OK | |
| r-release-macos-x86_64 | 0.5.0 | 26.00 | 118.00 | 144.00 | OK | |
| r-release-windows-x86_64 | 0.5.0 | 62.00 | 178.00 | 240.00 | OK | |
| r-oldrel-macos-arm64 | 0.5.0 | 18.00 | 60.00 | 78.00 | NOTE | |
| r-oldrel-macos-x86_64 | 0.5.0 | 29.00 | 112.00 | 141.00 | NOTE | |
| r-oldrel-windows-x86_64 | 0.5.0 | 78.00 | 233.00 | 311.00 | OK |
Version: 0.5.0
Check: installed package size
Result: NOTE
installed size is 5.7Mb
sub-directories of 1Mb or more:
help 1.2Mb
libs 3.7Mb
Flavors: r-oldrel-macos-arm64, r-oldrel-macos-x86_64