Last updated on 2025-11-12 01:48:59 CET.
| Flavor | Version | Tinstall | Tcheck | Ttotal | Status | Flags |
|---|---|---|---|---|---|---|
| r-devel-linux-x86_64-debian-clang | 0.2.2 | 8.09 | 81.05 | 89.14 | NOTE | |
| r-devel-linux-x86_64-debian-gcc | 0.2.2 | 6.31 | 61.27 | 67.58 | NOTE | |
| r-devel-linux-x86_64-fedora-clang | 0.2.2 | 32.00 | 109.18 | 141.18 | OK | |
| r-devel-linux-x86_64-fedora-gcc | 0.2.2 | 18.00 | 112.68 | 130.68 | OK | |
| r-devel-windows-x86_64 | 0.2.2 | 12.00 | 97.00 | 109.00 | OK | |
| r-patched-linux-x86_64 | 0.2.2 | 8.25 | 78.78 | 87.03 | OK | |
| r-release-linux-x86_64 | 0.2.2 | 7.85 | 78.85 | 86.70 | OK | |
| r-release-macos-arm64 | 0.2.2 | 5.00 | 41.00 | 46.00 | OK | |
| r-release-macos-x86_64 | 0.2.2 | 7.00 | 69.00 | 76.00 | OK | |
| r-release-windows-x86_64 | 0.2.2 | 13.00 | 98.00 | 111.00 | OK | |
| r-oldrel-macos-arm64 | 0.2.2 | 4.00 | 35.00 | 39.00 | OK | |
| r-oldrel-macos-x86_64 | 0.2.2 | 7.00 | 51.00 | 58.00 | OK | |
| r-oldrel-windows-x86_64 | 0.2.2 | 15.00 | 113.00 | 128.00 | OK |
Version: 0.2.2
Check: CRAN incoming feasibility
Result: NOTE
Maintainer: ‘Anja Kleebaum <kleebaum@informatik.uni-heidelberg.de>’
No Authors@R field in DESCRIPTION.
Please add one, modifying
Authors@R: person(given = "Anja",
family = "Kleebaum",
role = c("aut", "cre"),
email = "kleebaum@informatik.uni-heidelberg.de")
as necessary.
Flavors: r-devel-linux-x86_64-debian-clang, r-devel-linux-x86_64-debian-gcc