CRAN Package Check Results for Package gamRR

Last updated on 2025-11-12 01:48:58 CET.

Flavor Version Tinstall Tcheck Ttotal Status Flags
r-devel-linux-x86_64-debian-clang 0.7.0 6.42 52.85 59.27 NOTE
r-devel-linux-x86_64-debian-gcc 0.7.0 4.50 39.77 44.27 NOTE
r-devel-linux-x86_64-fedora-clang 0.7.0 27.00 65.30 92.30 OK
r-devel-linux-x86_64-fedora-gcc 0.7.0 13.00 70.78 83.78 OK
r-devel-windows-x86_64 0.7.0 7.00 61.00 68.00 OK
r-patched-linux-x86_64 0.7.0 6.03 49.81 55.84 OK
r-release-linux-x86_64 0.7.0 6.20 50.30 56.50 OK
r-release-macos-arm64 0.7.0 3.00 26.00 29.00 OK
r-release-macos-x86_64 0.7.0 5.00 50.00 55.00 OK
r-release-windows-x86_64 0.7.0 7.00 62.00 69.00 OK
r-oldrel-macos-arm64 0.7.0 3.00 24.00 27.00 NOTE
r-oldrel-macos-x86_64 0.7.0 4.00 40.00 44.00 NOTE
r-oldrel-windows-x86_64 0.7.0 9.00 76.00 85.00 NOTE

Check Details

Version: 0.7.0
Check: CRAN incoming feasibility
Result: NOTE Maintainer: ‘Zhicheng Du<dgdzc@hotmail.com>’ No Authors@R field in DESCRIPTION. Please add one, modifying Authors@R: c(person(given = "Zhicheng", family = "Du", role = c("aut", "cre"), email = "dgdzc@hotmail.com"), person(given = "Wangjian", family = "Zhang", role = "aut"), person(given = "Yuantao", family = "Hao", role = "aut")) as necessary. Flavors: r-devel-linux-x86_64-debian-clang, r-devel-linux-x86_64-debian-gcc

Version: 0.7.0
Check: LazyData
Result: NOTE 'LazyData' is specified without a 'data' directory Flavors: r-oldrel-macos-arm64, r-oldrel-macos-x86_64, r-oldrel-windows-x86_64