Last updated on 2025-11-12 01:49:00 CET.
| Flavor | Version | Tinstall | Tcheck | Ttotal | Status | Flags |
|---|---|---|---|---|---|---|
| r-devel-linux-x86_64-debian-clang | 0.1.1 | 6.21 | 55.33 | 61.54 | NOTE | |
| r-devel-linux-x86_64-debian-gcc | 0.1.1 | 5.08 | 41.00 | 46.08 | NOTE | |
| r-devel-linux-x86_64-fedora-clang | 0.1.1 | 14.00 | 81.06 | 95.06 | OK | |
| r-devel-linux-x86_64-fedora-gcc | 0.1.1 | 12.00 | 77.16 | 89.16 | OK | |
| r-devel-windows-x86_64 | 0.1.1 | 7.00 | 70.00 | 77.00 | OK | |
| r-patched-linux-x86_64 | 0.1.1 | 6.16 | 53.03 | 59.19 | OK | |
| r-release-linux-x86_64 | 0.1.1 | 4.68 | 52.39 | 57.07 | OK | |
| r-release-macos-arm64 | 0.1.1 | 4.00 | 34.00 | 38.00 | OK | |
| r-release-macos-x86_64 | 0.1.1 | 6.00 | 47.00 | 53.00 | OK | |
| r-release-windows-x86_64 | 0.1.1 | 6.00 | 62.00 | 68.00 | OK | |
| r-oldrel-macos-arm64 | 0.1.1 | 3.00 | 26.00 | 29.00 | OK | |
| r-oldrel-macos-x86_64 | 0.1.1 | 4.00 | 38.00 | 42.00 | OK | |
| r-oldrel-windows-x86_64 | 0.1.1 | 8.00 | 77.00 | 85.00 | OK |
Version: 0.1.1
Check: CRAN incoming feasibility
Result: NOTE
Maintainer: ‘Hoseung Song <hosong@ucdavis.edu>’
The Description field contains
data. Song, H. and Chen, H. (2022) <arXiv:2205.13787>.
Please refer to arXiv e-prints via their arXiv DOI <doi:10.48550/arXiv.YYMM.NNNNN>.
Flavors: r-devel-linux-x86_64-debian-clang, r-devel-linux-x86_64-debian-gcc