CRAN Package Check Results for Package futility

Last updated on 2025-11-11 00:50:06 CET.

Flavor Version Tinstall Tcheck Ttotal Status Flags
r-devel-linux-x86_64-debian-clang 0.4 3.12 37.88 41.00 NOTE
r-devel-linux-x86_64-debian-gcc 0.4 2.00 28.31 30.31 NOTE
r-devel-linux-x86_64-fedora-clang 0.4 61.48 NOTE
r-devel-linux-x86_64-fedora-gcc 0.4 71.79 NOTE
r-devel-windows-x86_64 0.4 5.00 68.00 73.00 OK
r-patched-linux-x86_64 0.4 2.96 35.85 38.81 NOTE
r-release-linux-x86_64 0.4 3.06 35.98 39.04 NOTE
r-release-macos-arm64 0.4 2.00 35.00 37.00 OK
r-release-macos-x86_64 0.4 3.00 49.00 52.00 OK
r-release-windows-x86_64 0.4 6.00 65.00 71.00 OK
r-oldrel-macos-arm64 0.4 1.00 26.00 27.00 NOTE
r-oldrel-macos-x86_64 0.4 2.00 38.00 40.00 NOTE
r-oldrel-windows-x86_64 0.4 4.00 70.00 74.00 NOTE

Check Details

Version: 0.4
Check: for non-standard things in the check directory
Result: NOTE Found the following files/directories: ‘completeTrial_byArm_eventPriorRateC3=0.001_eventPriorRateT1=0_eventPriorRateT2=0_eventPriorWt=0.5.RData’ ‘completeTrial_byArm_eventPriorRateC3=0.06_eventPriorRateT1=0.03_eventPriorRateT2=0.03_eventPriorWt=0.2.RData’ ‘completeTrial_byArm_eventPriorRateC3=0.06_eventPriorRateT1=0.03_eventPriorRateT2=0.03_eventPriorWt=0.4.RData’ ‘completeTrial_byArm_eventPriorRateC3=0.06_eventPriorRateT1=0.03_eventPriorRateT2=0.03_eventPriorWt=0.6.RData’ ‘completeTrial_pooled_eventPriorRate=0.001_eventPriorWt=0.5.RData’ ‘completeTrial_pooled_eventPriorRate=0.06_eventPriorWt=0.2.RData’ ‘completeTrial_pooled_eventPriorRate=0.06_eventPriorWt=0.4.RData’ ‘completeTrial_pooled_eventPriorRate=0.06_eventPriorWt=0.6.RData’ ‘rcdf_byArm_arm=T1_eventPriorRateC3=0.06_eventPriorRateT1=0.03_eventPriorRateT2=0.03.pdf’ ‘rcdf_pooled_eventPriorRate=0.06.pdf’ Flavors: r-devel-linux-x86_64-debian-clang, r-devel-linux-x86_64-debian-gcc, r-devel-linux-x86_64-fedora-clang, r-devel-linux-x86_64-fedora-gcc, r-patched-linux-x86_64, r-release-linux-x86_64

Version: 0.4
Check: LazyData
Result: NOTE 'LazyData' is specified without a 'data' directory Flavors: r-oldrel-macos-arm64, r-oldrel-macos-x86_64, r-oldrel-windows-x86_64