CRAN Package Check Results for Package funr

Last updated on 2025-11-12 01:48:58 CET.

Flavor Version Tinstall Tcheck Ttotal Status Flags
r-devel-linux-x86_64-debian-clang 0.3.2 1.76 21.84 23.60 OK
r-devel-linux-x86_64-debian-gcc 0.3.2 1.47 17.74 19.21 OK
r-devel-linux-x86_64-fedora-clang 0.3.2 34.68 OK
r-devel-linux-x86_64-fedora-gcc 0.3.2 32.25 OK
r-devel-windows-x86_64 0.3.2 3.00 47.00 50.00 OK
r-patched-linux-x86_64 0.3.2 1.70 20.50 22.20 OK
r-release-linux-x86_64 0.3.2 1.40 20.49 21.89 OK
r-release-macos-arm64 0.3.2 1.00 16.00 17.00 OK
r-release-macos-x86_64 0.3.2 2.00 25.00 27.00 OK
r-release-windows-x86_64 0.3.2 4.00 45.00 49.00 OK
r-oldrel-macos-arm64 0.3.2 1.00 15.00 16.00 NOTE
r-oldrel-macos-x86_64 0.3.2 2.00 22.00 24.00 NOTE
r-oldrel-windows-x86_64 0.3.2 2.00 53.00 55.00 NOTE

Check Details

Version: 0.3.2
Check: LazyData
Result: NOTE 'LazyData' is specified without a 'data' directory Flavors: r-oldrel-macos-arm64, r-oldrel-macos-x86_64, r-oldrel-windows-x86_64