Last updated on 2025-11-12 01:48:58 CET.
| Flavor | Version | Tinstall | Tcheck | Ttotal | Status | Flags |
|---|---|---|---|---|---|---|
| r-devel-linux-x86_64-debian-clang | 0.4.0 | 3.38 | 46.31 | 49.69 | NOTE | |
| r-devel-linux-x86_64-debian-gcc | 0.4.0 | 2.46 | 34.85 | 37.31 | NOTE | |
| r-devel-linux-x86_64-fedora-clang | 0.4.0 | 10.00 | 69.48 | 79.48 | OK | |
| r-devel-linux-x86_64-fedora-gcc | 0.4.0 | 85.44 | OK | |||
| r-devel-windows-x86_64 | 0.4.0 | 4.00 | 68.00 | 72.00 | OK | |
| r-patched-linux-x86_64 | 0.4.0 | 3.94 | 42.89 | 46.83 | OK | |
| r-release-macos-arm64 | 0.4.0 | 2.00 | 66.00 | 68.00 | OK | |
| r-release-macos-x86_64 | 0.4.0 | 3.00 | 118.00 | 121.00 | OK | |
| r-oldrel-macos-arm64 | 0.4.0 | 2.00 | 36.00 | 38.00 | OK | |
| r-oldrel-macos-x86_64 | 0.4.0 | 3.00 | 103.00 | 106.00 | OK | |
| r-oldrel-windows-x86_64 | 0.4.0 | 5.00 | 74.00 | 79.00 | OK |
Version: 0.4.0
Check: CRAN incoming feasibility
Result: NOTE
Maintainer: ‘Masaaki Sudo <masaaki@sudori.info>’
Package CITATION file contains call(s) to old-style personList() or
as.personList(). Please use c() on person objects instead.
Package CITATION file contains call(s) to old-style citEntry(). Please
use bibentry() instead.
Flavors: r-devel-linux-x86_64-debian-clang, r-devel-linux-x86_64-debian-gcc