Last updated on 2025-11-12 01:48:58 CET.
| Flavor | Version | Tinstall | Tcheck | Ttotal | Status | Flags |
|---|---|---|---|---|---|---|
| r-devel-linux-x86_64-debian-clang | 1.0 | 5.38 | 47.12 | 52.50 | NOTE | |
| r-devel-linux-x86_64-debian-gcc | 1.0 | 3.77 | 35.02 | 38.79 | NOTE | |
| r-devel-linux-x86_64-fedora-clang | 1.0 | 22.00 | 63.00 | 85.00 | OK | |
| r-devel-linux-x86_64-fedora-gcc | 1.0 | 12.00 | 64.17 | 76.17 | OK | |
| r-devel-windows-x86_64 | 1.0 | 5.00 | 59.00 | 64.00 | OK | |
| r-patched-linux-x86_64 | 1.0 | 5.43 | 45.43 | 50.86 | OK | |
| r-release-linux-x86_64 | 1.0 | 4.78 | 45.12 | 49.90 | OK | |
| r-release-macos-arm64 | 1.0 | 3.00 | 24.00 | 27.00 | OK | |
| r-release-macos-x86_64 | 1.0 | 4.00 | 44.00 | 48.00 | OK | |
| r-release-windows-x86_64 | 1.0 | 6.00 | 60.00 | 66.00 | OK | |
| r-oldrel-macos-arm64 | 1.0 | 2.00 | 23.00 | 25.00 | OK | |
| r-oldrel-macos-x86_64 | 1.0 | 3.00 | 33.00 | 36.00 | OK | |
| r-oldrel-windows-x86_64 | 1.0 | 8.00 | 70.00 | 78.00 | OK |
Version: 1.0
Check: CRAN incoming feasibility
Result: NOTE
Maintainer: ‘Jinlu Cao <caojinlu@gmail.com>’
No Authors@R field in DESCRIPTION.
Please add one, modifying
Authors@R: person(given = "Jinlu",
family = "Cao",
role = c("aut", "cre"),
email = "caojinlu@gmail.com")
as necessary.
Flavors: r-devel-linux-x86_64-debian-clang, r-devel-linux-x86_64-debian-gcc