Last updated on 2025-11-12 01:48:58 CET.
| Flavor | Version | Tinstall | Tcheck | Ttotal | Status | Flags |
|---|---|---|---|---|---|---|
| r-devel-linux-x86_64-debian-clang | 0.2.0 | 85.62 | 43.99 | 129.61 | OK | |
| r-devel-linux-x86_64-debian-gcc | 0.2.0 | 67.58 | 41.64 | 109.22 | OK | |
| r-devel-linux-x86_64-fedora-clang | 0.2.0 | 235.00 | -7.80 | 227.20 | OK | |
| r-devel-linux-x86_64-fedora-gcc | 0.2.0 | 189.00 | 59.80 | 248.80 | OK | |
| r-devel-windows-x86_64 | 0.2.0 | 89.00 | 84.00 | 173.00 | OK | |
| r-patched-linux-x86_64 | 0.2.0 | 97.05 | 51.89 | 148.94 | OK | |
| r-release-linux-x86_64 | 0.2.0 | 94.08 | 52.03 | 146.11 | OK | |
| r-release-macos-arm64 | 0.2.0 | 39.00 | 67.00 | 106.00 | OK | |
| r-release-macos-x86_64 | 0.2.0 | 49.00 | 50.00 | 99.00 | OK | |
| r-release-windows-x86_64 | 0.2.0 | 89.00 | 85.00 | 174.00 | OK | |
| r-oldrel-macos-arm64 | 0.2.0 | 33.00 | 33.00 | 66.00 | NOTE | |
| r-oldrel-macos-x86_64 | 0.2.0 | 45.00 | 45.00 | 90.00 | NOTE | |
| r-oldrel-windows-x86_64 | 0.2.0 | 106.00 | 102.00 | 208.00 | OK |
Version: 0.2.0
Check: installed package size
Result: NOTE
installed size is 32.1Mb
sub-directories of 1Mb or more:
libs 31.4Mb
Flavors: r-oldrel-macos-arm64, r-oldrel-macos-x86_64